{"id":10837,"date":"2021-09-06T12:46:06","date_gmt":"2021-09-06T12:46:06","guid":{"rendered":"https:\/\/acapps.org\/web\/?page_id=10837"},"modified":"2021-09-15T12:52:15","modified_gmt":"2021-09-15T12:52:15","slug":"orientacio-laboral","status":"publish","type":"page","link":"https:\/\/acapps.org\/web\/orientacio-laboral\/","title":{"rendered":"Orientaci\u00f3 laboral"},"content":{"rendered":"[vc_row][vc_column]<div class=\"max-title5\"><h4>Com millorar el teu curr\u00edculum? Recursos en formaci\u00f3<\/h2><\/div>[\/vc_column][\/vc_row][vc_row][vc_column width=&#8221;1\/4&#8243;]<article class=\"icon-box12\"><i class=\"fa-search-plus\" style=\" color:#3ca5ba;\"><\/i><h4 style=\"color:#3ca5ba\">7 RAONS PER FER UN VIDEOCURRICULUM<\/h4><p>Les empreses reben centenars de curr\u00edculums per a cada oferta de feina que publiquen. Com destacar d&#8217;entre la resta? Com fer que el teu curr\u00edculum deixi empremta i, a m\u00e9s, deixi clara la teva iniciativa, professionalitat i creativitat? Una bona manera \u00e9s enviant un v\u00eddeocurriculum. T&#8217;expliquem com, quines eines utilitzar, alguns exemples i on el pots fer circular en aquest recurs:<\/p><\/article>[vc_video link=&#8221;https:\/\/youtu.be\/atBWxkl-9aM&#8221;][\/vc_column][vc_column width=&#8221;1\/4&#8243;]<article class=\"icon-box12\"><a href='https:\/\/youtu.be\/XnfKMOT1kUc'><i class=\"fa-search-plus\" style=\" color:#3ca5ba;\"><\/i><\/a><h4 style=\"color:#3ca5ba\">MODELS DE CURR\u00cdCULUM. CURR\u00cdCULUM TEM\u00c0TIC<\/h4><p>Models de curriculum:<\/p>\n<p>Fem el curr\u00edculum tem\u00e0tic o per perfils!<br \/>\nEn aquest recurs t&#8217;expliquem com fer aquest tipus de curr\u00edculum.<\/p>\n<\/p><\/article>[vc_video link=&#8221;https:\/\/youtu.be\/XnfKMOT1kUc&#8221;][\/vc_column][vc_column width=&#8221;1\/4&#8243;]<article class=\"icon-box12\"><i class=\"fa-search-plus\" style=\" color:#3ca5ba;\"><\/i><h4 style=\"color:#3ca5ba\">MODELS DE CURR\u00cdCULUM. CURR\u00cdCULUM INFOGR\u00c0FIC<\/h4><p>Fem el curr\u00edculum infogr\u00e0fic: la manera m\u00e9s visual i gr\u00e0fica d&#8217;explicar la teva traject\u00f2ria. En aquest recurs t&#8217;expliquem com fer-lo.<\/p><\/article>[vc_video link=&#8221;https:\/\/youtu.be\/05hP2_9h-oo&#8221;][\/vc_column][vc_column width=&#8221;1\/4&#8243;]<article class=\"icon-box12\"><i class=\"fa-search-plus\" style=\" color:#3ca5ba;\"><\/i><h4 style=\"color:#3ca5ba\">MODELS DE CURR\u00cdCULUM. CV CRONOL\u00d2GIC INVERS<\/h4><p>Aquest tipus de curriculum mostra la informaci\u00f3 ordenada en el temps, de la formaci\u00f3 i experi\u00e8ncia m\u00e9s recent a la m\u00e9s antiga<\/p><\/article>[vc_video link=&#8221;https:\/\/youtu.be\/Tr_wWzqm6U8&#8243;][\/vc_column][\/vc_row][vc_row][vc_column width=&#8221;1\/4&#8243;]<article class=\"icon-box12\"><i class=\"fa-search-plus\" style=\" color:#3ca5ba;\"><\/i><h4 style=\"color:#3ca5ba\">MODELS DE CURR\u00cdCULUM. CURR\u00cdCULUM FUNCIONAL<\/h4><p>El model de curr\u00edculum funcional posa l&#8217;\u00e8mfasi en les tasques que s&#8217;han realitzat en cada experi\u00e8ncia laboral. Te n&#8217;expliquem les claus.<\/p><\/article>[vc_video link=&#8221;https:\/\/youtu.be\/ewUfPhItMaw&#8221;][\/vc_column][vc_column width=&#8221;1\/4&#8243;]<article class=\"icon-box12\"><a href='https:\/\/youtu.be\/XnfKMOT1kUc'><i class=\"fa-search-plus\" style=\" color:#3ca5ba;\"><\/i><\/a><h4 style=\"color:#3ca5ba\">MODELS DE CURR\u00cdCULUM. CURR\u00cdCULUM PER COMPET\u00c8NCIES<\/h4><p>Amb un curr\u00edculum per compet\u00e8ncies estrucuturem la nostra experi\u00e8ncia en funci\u00f3 de les compet\u00e8ncies que hem anat adquirint. <\/p><\/article>[vc_video link=&#8221;https:\/\/youtu.be\/8kyLHwRe7iQ&#8221;][\/vc_column][vc_column width=&#8221;1\/4&#8243;]<article class=\"icon-box12\"><a href='https:\/\/youtu.be\/T7ySY0j-s-U'><i class=\"fa-search-plus\" style=\" color:#3ca5ba;\"><\/i><\/a><h4 style=\"color:#3ca5ba\">LA RECERCA DE FEINA 2.0<\/h4><p>Per fer una recerca de feina per internet cal estar al dia en els portals de feina i en els teus perfils d&#8217;Infojobs o linkedin.<br \/>\nFeina 2.0 no \u00e9s fer que les empreses et trobin i coneguin<\/p><\/article><article class=\"icon-box\"><h4><\/h4><\/article>[vc_video link=&#8221;https:\/\/youtu.be\/T7ySY0j-s-U&#8221;][\/vc_column][vc_column width=&#8221;1\/4&#8243;]<article class=\"icon-box12\"><a href='https:\/\/youtu.be\/T7ySY0j-s-U'><i class=\"fa-search-plus\" style=\" color:#3ca5ba;\"><\/i><\/a><h4 style=\"color:#3ca5ba\">EL MERCAT LABORAL, ARA<\/h4><p>La pand\u00e8mia per la Covid19 ens ha deixat un mercat laboral m\u00e9s incert per\u00f2 tamb\u00e9 amb unes professions m\u00e9s demandades actualment. T&#8217;expliquem quines:<\/p><\/article><article class=\"icon-box\"><h4><\/h4><\/article>[vc_video link=&#8221;https:\/\/youtu.be\/cHo2dJyJ0MQ&#8221;][\/vc_column][\/vc_row][vc_row][vc_column width=&#8221;1\/3&#8243;][\/vc_column][vc_column width=&#8221;1\/3&#8243;][\/vc_column][vc_column width=&#8221;1\/3&#8243;][\/vc_column][\/vc_row][vc_row][vc_column][vc_separator border_width=&#8221;2&#8243;][vc_single_image image=&#8221;10851&#8243; img_size=&#8221;full&#8221; alignment=&#8221;center&#8221;][\/vc_column][\/vc_row]\n","protected":false},"excerpt":{"rendered":"<p>[vc_row][vc_column][\/vc_column][\/vc_row][vc_row][vc_column width=&#8221;1\/4&#8243;][vc_video link=&#8221;https:\/\/youtu.be\/atBWxkl-9aM&#8221;][\/vc_column][vc_column width=&#8221;1\/4&#8243;][vc_video link=&#8221;https:\/\/youtu.be\/XnfKMOT1kUc&#8221;][\/vc_column][vc_column width=&#8221;1\/4&#8243;][vc_video link=&#8221;https:\/\/youtu.be\/05hP2_9h-oo&#8221;][\/vc_column][vc_column width=&#8221;1\/4&#8243;][vc_video link=&#8221;https:\/\/youtu.be\/Tr_wWzqm6U8&#8243;][\/vc_column][\/vc_row][vc_row][vc_column width=&#8221;1\/4&#8243;][vc_video link=&#8221;https:\/\/youtu.be\/ewUfPhItMaw&#8221;][\/vc_column][vc_column width=&#8221;1\/4&#8243;][vc_video link=&#8221;https:\/\/youtu.be\/8kyLHwRe7iQ&#8221;][\/vc_column][vc_column width=&#8221;1\/4&#8243;][vc_video link=&#8221;https:\/\/youtu.be\/T7ySY0j-s-U&#8221;][\/vc_column][vc_column width=&#8221;1\/4&#8243;][vc_video link=&#8221;https:\/\/youtu.be\/cHo2dJyJ0MQ&#8221;][\/vc_column][\/vc_row][vc_row][vc_column width=&#8221;1\/3&#8243;][\/vc_column][vc_column width=&#8221;1\/3&#8243;][\/vc_column][vc_column width=&#8221;1\/3&#8243;][\/vc_column][\/vc_row][vc_row][vc_column][vc_separator border_width=&#8221;2&#8243;][vc_single_image image=&#8221;10851&#8243; img_size=&#8221;full&#8221; alignment=&#8221;center&#8221;][\/vc_column][\/vc_row]<\/p>\n","protected":false},"author":3,"featured_media":0,"parent":0,"menu_order":0,"comment_status":"closed","ping_status":"closed","template":"","meta":{"footnotes":""},"_links":{"self":[{"href":"https:\/\/acapps.org\/web\/wp-json\/wp\/v2\/pages\/10837"}],"collection":[{"href":"https:\/\/acapps.org\/web\/wp-json\/wp\/v2\/pages"}],"about":[{"href":"https:\/\/acapps.org\/web\/wp-json\/wp\/v2\/types\/page"}],"author":[{"embeddable":true,"href":"https:\/\/acapps.org\/web\/wp-json\/wp\/v2\/users\/3"}],"replies":[{"embeddable":true,"href":"https:\/\/acapps.org\/web\/wp-json\/wp\/v2\/comments?post=10837"}],"version-history":[{"count":21,"href":"https:\/\/acapps.org\/web\/wp-json\/wp\/v2\/pages\/10837\/revisions"}],"predecessor-version":[{"id":10914,"href":"https:\/\/acapps.org\/web\/wp-json\/wp\/v2\/pages\/10837\/revisions\/10914"}],"wp:attachment":[{"href":"https:\/\/acapps.org\/web\/wp-json\/wp\/v2\/media?parent=10837"}],"curies":[{"name":"wp","href":"https:\/\/api.w.org\/{rel}","templated":true}]}}