{"id":10866,"date":"2021-09-10T12:08:55","date_gmt":"2021-09-10T12:08:55","guid":{"rendered":"https:\/\/acapps.org\/web\/?page_id=10866"},"modified":"2021-09-14T12:01:59","modified_gmt":"2021-09-14T12:01:59","slug":"cultura","status":"publish","type":"page","link":"https:\/\/acapps.org\/web\/cultura\/","title":{"rendered":"Cultura"},"content":{"rendered":"[vc_row][vc_column]<div class=\"max-title5\"><h2>Foment del teatre i cultura accessible<\/h2><\/div>[vc_row_inner][vc_column_inner width=&#8221;1\/2&#8243;]<article class=\"icon-box12\"><i class=\"fa-play-circle\" style=\" color:#3ca5ba;\"><\/i><h4 style=\"color:#3ca5ba\">Boira a les Orelles, l'obra de teatre que parla de la sordesa<\/h4><p>Entrevistem a Enric Roman\u00ed, escen\u00f2graf de la companyia Els Pirates Teatre i a Adri\u00e0 Aubert, director de l&#8217;obra Boira a les Orelles, una obra sobre la sordesa a trav\u00e9s de l&#8217;experi\u00e8ncia viscuda per l&#8217;Enric.<\/p><\/article>[vc_video link=&#8221;https:\/\/www.youtube.com\/watch?v=co-N-cp8nRI&#8221;][\/vc_column_inner][vc_column_inner width=&#8221;1\/2&#8243;][vc_single_image image=&#8221;10851&#8243; img_size=&#8221;full&#8221;][\/vc_column_inner][\/vc_row_inner][vc_row_inner][vc_column_inner width=&#8221;1\/2&#8243;][\/vc_column_inner][vc_column_inner width=&#8221;1\/2&#8243;][\/vc_column_inner][\/vc_row_inner][\/vc_column][\/vc_row][vc_row][vc_column][\/vc_column][\/vc_row]\n","protected":false},"excerpt":{"rendered":"<p>[vc_row][vc_column][vc_row_inner][vc_column_inner width=&#8221;1\/2&#8243;][vc_video link=&#8221;https:\/\/www.youtube.com\/watch?v=co-N-cp8nRI&#8221;][\/vc_column_inner][vc_column_inner width=&#8221;1\/2&#8243;][vc_single_image image=&#8221;10851&#8243; img_size=&#8221;full&#8221;][\/vc_column_inner][\/vc_row_inner][vc_row_inner][vc_column_inner width=&#8221;1\/2&#8243;][\/vc_column_inner][vc_column_inner width=&#8221;1\/2&#8243;][\/vc_column_inner][\/vc_row_inner][\/vc_column][\/vc_row][vc_row][vc_column][\/vc_column][\/vc_row]<\/p>\n","protected":false},"author":3,"featured_media":0,"parent":0,"menu_order":0,"comment_status":"closed","ping_status":"closed","template":"","meta":{"footnotes":""},"_links":{"self":[{"href":"https:\/\/acapps.org\/web\/wp-json\/wp\/v2\/pages\/10866"}],"collection":[{"href":"https:\/\/acapps.org\/web\/wp-json\/wp\/v2\/pages"}],"about":[{"href":"https:\/\/acapps.org\/web\/wp-json\/wp\/v2\/types\/page"}],"author":[{"embeddable":true,"href":"https:\/\/acapps.org\/web\/wp-json\/wp\/v2\/users\/3"}],"replies":[{"embeddable":true,"href":"https:\/\/acapps.org\/web\/wp-json\/wp\/v2\/comments?post=10866"}],"version-history":[{"count":7,"href":"https:\/\/acapps.org\/web\/wp-json\/wp\/v2\/pages\/10866\/revisions"}],"predecessor-version":[{"id":10909,"href":"https:\/\/acapps.org\/web\/wp-json\/wp\/v2\/pages\/10866\/revisions\/10909"}],"wp:attachment":[{"href":"https:\/\/acapps.org\/web\/wp-json\/wp\/v2\/media?parent=10866"}],"curies":[{"name":"wp","href":"https:\/\/api.w.org\/{rel}","templated":true}]}}