{"id":10882,"date":"2021-09-14T07:11:48","date_gmt":"2021-09-14T07:11:48","guid":{"rendered":"https:\/\/acapps.org\/web\/?page_id=10882"},"modified":"2021-10-14T13:52:12","modified_gmt":"2021-10-14T13:52:12","slug":"educacio","status":"publish","type":"page","link":"https:\/\/acapps.org\/web\/educacio\/","title":{"rendered":"Educaci\u00f3"},"content":{"rendered":"[vc_row][vc_column]<div class=\"max-title5\"><h2>VEUS: Estudiants amb sordesa<\/h2><\/div>[vc_row_inner][vc_column_inner][vc_column_text]Per respondre als dubtes i incerteses dels joves que ara estan a secund\u00e0ria, i tamb\u00e9 els de les seves fam\u00edlies, vam convidar al <strong>Joan, al Miguel, la S\u00edlvia, el Pedro, l\u2019Andrea i la Clara<\/strong> a un col\u00b7loqui en l\u00ednia. Ens van explicar la seva experi\u00e8ncia, van fer moltes recomanacions als i les joves i van sorgir idees molt motivadores que volem compartir amb tots els que no hi vau poder ser. Tamb\u00e9 <strong>publiquem el col\u00b7loqui complet amb subtitulaci\u00f3 en directe<\/strong>\u00a0perqu\u00e8 realment val molt la pena poder-lo seguir en la seva totalitat.<\/p>\n<p><strong>Tamb\u00e9 agrair molt especialment i sincerament als i les joves que hi van participar i que es van obrir a explicar-ho tot, sense embuts, per donar suport i acompanyar als joves que ara estan a l\u2019ESO.<\/strong>[\/vc_column_text][\/vc_column_inner][\/vc_row_inner][vc_row_inner][vc_column_inner width=&#8221;1\/4&#8243;]<article class=\"icon-box12\"><i class=\"fa-comments\" style=\" color:#3ca5ba;\"><\/i><h4 style=\"color:#3ca5ba\">COM ESCOLLIR, DESPR\u00c9S DE L'ESO, EL FUTUR PROFESSIONAL?<\/h4><p>Penseu per vosaltres mateixos i projecta una feina que t&#8217;apassioni: aquesta \u00e9s la motivaci\u00f3 per estudiar. Aquesta \u00e9s una de les recomanacions del Pedro, jove amb sordesa d&#8217;ACAPPS que ha fet de l&#8217;esport la seva professi\u00f3.<\/p><\/article>[vc_video link=&#8221;https:\/\/youtu.be\/PtvkoHvxEao&#8221;][\/vc_column_inner][vc_column_inner width=&#8221;1\/4&#8243;]<article class=\"icon-box12\"><a href='https:\/\/youtu.be\/Xu33QY93WfY'><i class=\"fa-comments\" style=\" color:#3ca5ba;\"><\/i><\/a><h4 style=\"color:#3ca5ba\">TRIAR ESTUDIS: QUIN SUPORT PODEN FER-NOS LES MARES I ELS PARES EN L'ELECCI\u00d3?<\/h4><p>L&#8217;Andrea, jove amb sordesa, enx explica quin suport poden fer les mares i els pares quan els seus\/ves fills\/es han d&#8217;escollir quins estudis fer.<\/p><\/article>[vc_video link=&#8221;https:\/\/youtu.be\/ZWdt_Nwxcks&#8221;][\/vc_column_inner][vc_column_inner width=&#8221;1\/4&#8243;]<article class=\"icon-box12\"><i class=\"fa-comments\" style=\" color:#3ca5ba;\"><\/i><h4 style=\"color:#3ca5ba\">TRIAR ESTUDIS: TROBA ELS TEUS PUNTS FORTS<\/h4><p>La M\u00edriam, jove amb sordesa, recomana que, a l&#8217;hora d&#8217;escollir el cam\u00ed professional la persona pensi en quin s\u00f3n els seus punts forts, en qu\u00e8 s&#8217;\u00e9s bo i, un cop identificat, s&#8217;aposti per aquest cam\u00ed sense pors.<\/p><\/article>[vc_video link=&#8221;https:\/\/youtu.be\/XL6YlNi22eY&#8221;][\/vc_column_inner][vc_column_inner width=&#8221;1\/4&#8243;]<article class=\"icon-box12\"><i class=\"fa-comments\" style=\" color:#3ca5ba;\"><\/i><h4 style=\"color:#3ca5ba\">LA INCLUSI\u00d3 A LA FEINA: EL ROL DE L'EMPRESA <\/h4><p>La Clara explica la seva experi\u00e8ncia professional i com cal que, en l&#8217;\u00e0mbit laboral, es normalitzi la discapacitat auditiva i l&#8217;empresa en sigui conscient per, per exemple, fer reunions en qu\u00e8 la comunicaci\u00f3 sigui accessible i efectiva.<\/p><\/article>[vc_video link=&#8221;https:\/\/youtu.be\/VQxfP2YQf4A&#8221;][\/vc_column_inner][\/vc_row_inner][\/vc_column][vc_column][\/vc_column][\/vc_row][vc_row][vc_column]<div class=\"max-title5\"><h2>Recursos per a fam\u00edlies amb fills\/es amb sordesa<\/h2><\/div>[vc_row_inner][vc_column_inner width=&#8221;1\/4&#8243;]<article class=\"icon-box12\"><i class=\"fa-comments\" style=\" color:#3ca5ba;\"><\/i><h4 style=\"color:#3ca5ba\">LA IMPORT\u00c0NCIA DE L'ENTORN FAMILIAR<\/h4><p>Mariana Helbig,  fonoaudi\u00f2loga i certificada en Terapia Auditivo Verbal, ens explica la<br \/>\nimport\u00e0ncia de l&#8217;entorn familiar com a eina per al desenvolupament de l&#8217;infant amb sordesa.<\/p><\/article>[vc_video link=&#8221;https:\/\/youtu.be\/Tt7pvF0QGWk&#8221;][\/vc_column_inner][vc_column_inner width=&#8221;1\/4&#8243;]<article class=\"icon-box12\"><a href='https:\/\/youtu.be\/Xu33QY93WfY'><i class=\"fa-comments\" style=\" color:#3ca5ba;\"><\/i><\/a><h4 style=\"color:#3ca5ba\">EL DOL DAVANT LA SORDESA DEL TEU\/VA FILL\/A<\/h4><p>Mary Beth Goring, directora de conselleria i Serveis de Desenvolupament Infantil de la John Tracy Center, ens parla del dol com un proc\u00e9s inc\u00f2mode per\u00f2 necessari i natural.<br \/>\n<\/p><\/article>[vc_video link=&#8221;https:\/\/youtu.be\/Xu33QY93WfY&#8221;][\/vc_column_inner][vc_column_inner width=&#8221;1\/4&#8243;]<article class=\"icon-box12\"><i class=\"fa-comments\" style=\" color:#3ca5ba;\"><\/i><h4 style=\"color:#3ca5ba\">LA PARELLA AMB FILLS\/ES AMB SORDESA<\/h4><p>Mary Beth Goring, professional amb expertesa de la John Tracy Center, ens va oferir recursos per poder gestionar aquests moments cr\u00edtics, d\u2019estr\u00e8s i que poden comportar distanciament, amb la parella.<br \/>\n<\/p><\/article>[vc_video link=&#8221;https:\/\/youtu.be\/QtC1uzbjY8g&#8221;][\/vc_column_inner][vc_column_inner width=&#8221;1\/4&#8243;]<article class=\"icon-box12\"><i class=\"fa-comments\" style=\" color:#3ca5ba;\"><\/i><h4 style=\"color:#3ca5ba\">ELS GERMANS\/ES, COM HO VIUEN?<\/h4><p>Els germans i\/o germanes dels infants  amb sordesa, com ho viuen? Quins factors hi influeixen?  Ens en parla Beth Goring, professionals de la John Tracy Center (EEUU).<\/p><\/article>[vc_video link=&#8221;https:\/\/youtu.be\/mQy-HzV75Lw&#8221;][\/vc_column_inner][\/vc_row_inner][vc_row_inner][vc_column_inner width=&#8221;2\/3&#8243;][vc_single_image image=&#8221;10851&#8243; img_size=&#8221;full&#8221;][\/vc_column_inner][vc_column_inner width=&#8221;1\/3&#8243;][\/vc_column_inner][\/vc_row_inner][\/vc_column][vc_column][\/vc_column][vc_column][\/vc_column][\/vc_row]\n","protected":false},"excerpt":{"rendered":"<p>[vc_row][vc_column][vc_row_inner][vc_column_inner][vc_column_text]Per respondre als dubtes i incerteses dels joves que ara estan a secund\u00e0ria, i tamb\u00e9 els de les seves fam\u00edlies, vam convidar al Joan, al Miguel, la S\u00edlvia, el Pedro, l\u2019Andrea i la Clara a un col\u00b7loqui en l\u00ednia. Ens van explicar la seva experi\u00e8ncia, van fer moltes recomanacions als i les joves i van sorgir idees molt motivadores que volem compartir amb tots els&#8230; <\/p>\n<p><a class=\"readmore\" href=\"https:\/\/acapps.org\/web\/educacio\/\">LLEGIR M\u00c9S<\/a><\/p>\n","protected":false},"author":3,"featured_media":0,"parent":0,"menu_order":0,"comment_status":"closed","ping_status":"closed","template":"","meta":{"footnotes":""},"_links":{"self":[{"href":"https:\/\/acapps.org\/web\/wp-json\/wp\/v2\/pages\/10882"}],"collection":[{"href":"https:\/\/acapps.org\/web\/wp-json\/wp\/v2\/pages"}],"about":[{"href":"https:\/\/acapps.org\/web\/wp-json\/wp\/v2\/types\/page"}],"author":[{"embeddable":true,"href":"https:\/\/acapps.org\/web\/wp-json\/wp\/v2\/users\/3"}],"replies":[{"embeddable":true,"href":"https:\/\/acapps.org\/web\/wp-json\/wp\/v2\/comments?post=10882"}],"version-history":[{"count":18,"href":"https:\/\/acapps.org\/web\/wp-json\/wp\/v2\/pages\/10882\/revisions"}],"predecessor-version":[{"id":11019,"href":"https:\/\/acapps.org\/web\/wp-json\/wp\/v2\/pages\/10882\/revisions\/11019"}],"wp:attachment":[{"href":"https:\/\/acapps.org\/web\/wp-json\/wp\/v2\/media?parent=10882"}],"curies":[{"name":"wp","href":"https:\/\/api.w.org\/{rel}","templated":true}]}}

Educació

[vc_row][vc_column]<div class="max-title5"><h2>VEUS: Estudiants amb sordesa</h2></div>[vc_row_inner][vc_column_inner][vc_column_text]Per respondre als dubtes i incerteses dels joves que ara estan a secundària, i també els de les seves famílies, vam convidar al <strong>Joan, al Miguel, la Sílvia, el Pedro, l’Andrea i la Clara</strong> a un col·loqui en línia. Ens van explicar la seva experiència, van fer moltes recomanacions als i les joves i van sorgir idees molt motivadores que volem compartir amb tots els que no hi vau poder ser. També <strong>publiquem el col·loqui complet amb subtitulació en directe</strong> perquè realment val molt la pena poder-lo seguir en la seva totalitat.</p>
<p><strong>També agrair molt especialment i sincerament als i les joves que hi van participar i que es van obrir a explicar-ho tot, sense embuts, per donar suport i acompanyar als joves que ara estan a l’ESO.</strong>[/vc_column_text][/vc_column_inner][/vc_row_inner][vc_row_inner][vc_column_inner width=&#8221;1/4&#8243;]<article class="icon-box12"><i class="fa-comments" style=" color:#3ca5ba;"></i><h4 style="color:#3ca5ba">COM ESCOLLIR, DESPRÉS DE L'ESO, EL FUTUR PROFESSIONAL?</h4><p>Penseu per vosaltres mateixos i projecta una feina que t&#8217;apassioni: aquesta és la motivació per estudiar. Aquesta és una de les recomanacions del Pedro, jove amb sordesa d&#8217;ACAPPS que ha fet de l&#8217;esport la seva professió.</p></article>[vc_video link=&#8221;https://youtu.be/PtvkoHvxEao&#8221;][/vc_column_inner][vc_column_inner width=&#8221;1/4&#8243;]<article class="icon-box12"><a href='https://youtu.be/Xu33QY93WfY'><i class="fa-comments" style=" color:#3ca5ba;"></i></a><h4 style="color:#3ca5ba">TRIAR ESTUDIS: QUIN SUPORT PODEN FER-NOS LES MARES I ELS PARES EN L'ELECCIÓ?</h4><p>L&#8217;Andrea, jove amb sordesa, enx explica quin suport poden fer les mares i els pares quan els seus/ves fills/es han d&#8217;escollir quins estudis fer.</p></article>[vc_video link=&#8221;https://youtu.be/ZWdt_Nwxcks&#8221;][/vc_column_inner][vc_column_inner width=&#8221;1/4&#8243;]<article class="icon-box12"><i class="fa-comments" style=" color:#3ca5ba;"></i><h4 style="color:#3ca5ba">TRIAR ESTUDIS: TROBA ELS TEUS PUNTS FORTS</h4><p>La Míriam, jove amb sordesa, recomana que, a l&#8217;hora d&#8217;escollir el camí professional la persona pensi en quin són els seus punts forts, en què s&#8217;és bo i, un cop identificat, s&#8217;aposti per aquest camí sense pors.</p></article>[vc_video link=&#8221;https://youtu.be/XL6YlNi22eY&#8221;][/vc_column_inner][vc_column_inner width=&#8221;1/4&#8243;]<article class="icon-box12"><i class="fa-comments" style=" color:#3ca5ba;"></i><h4 style="color:#3ca5ba">LA INCLUSIÓ A LA FEINA: EL ROL DE L'EMPRESA </h4><p>La Clara explica la seva experiència professional i com cal que, en l&#8217;àmbit laboral, es normalitzi la discapacitat auditiva i l&#8217;empresa en sigui conscient per, per exemple, fer reunions en què la comunicació sigui accessible i efectiva.</p></article>[vc_video link=&#8221;https://youtu.be/VQxfP2YQf4A&#8221;][/vc_column_inner][/vc_row_inner][/vc_column][vc_column][/vc_column][/vc_row][vc_row][vc_column]<div class="max-title5"><h2>Recursos per a famílies amb fills/es amb sordesa</h2></div>[vc_row_inner][vc_column_inner width=&#8221;1/4&#8243;]<article class="icon-box12"><i class="fa-comments" style=" color:#3ca5ba;"></i><h4 style="color:#3ca5ba">LA IMPORTÀNCIA DE L'ENTORN FAMILIAR</h4><p>Mariana Helbig,  fonoaudiòloga i certificada en Terapia Auditivo Verbal, ens explica la<br />
importància de l&#8217;entorn familiar com a eina per al desenvolupament de l&#8217;infant amb sordesa.</p></article>[vc_video link=&#8221;https://youtu.be/Tt7pvF0QGWk&#8221;][/vc_column_inner][vc_column_inner width=&#8221;1/4&#8243;]<article class="icon-box12"><a href='https://youtu.be/Xu33QY93WfY'><i class="fa-comments" style=" color:#3ca5ba;"></i></a><h4 style="color:#3ca5ba">EL DOL DAVANT LA SORDESA DEL TEU/VA FILL/A</h4><p>Mary Beth Goring, directora de conselleria i Serveis de Desenvolupament Infantil de la John Tracy Center, ens parla del dol com un procés incòmode però necessari i natural.<br />
</p></article>[vc_video link=&#8221;https://youtu.be/Xu33QY93WfY&#8221;][/vc_column_inner][vc_column_inner width=&#8221;1/4&#8243;]<article class="icon-box12"><i class="fa-comments" style=" color:#3ca5ba;"></i><h4 style="color:#3ca5ba">LA PARELLA AMB FILLS/ES AMB SORDESA</h4><p>Mary Beth Goring, professional amb expertesa de la John Tracy Center, ens va oferir recursos per poder gestionar aquests moments crítics, d’estrès i que poden comportar distanciament, amb la parella.<br />
</p></article>[vc_video link=&#8221;https://youtu.be/QtC1uzbjY8g&#8221;][/vc_column_inner][vc_column_inner width=&#8221;1/4&#8243;]<article class="icon-box12"><i class="fa-comments" style=" color:#3ca5ba;"></i><h4 style="color:#3ca5ba">ELS GERMANS/ES, COM HO VIUEN?</h4><p>Els germans i/o germanes dels infants  amb sordesa, com ho viuen? Quins factors hi influeixen?  Ens en parla Beth Goring, professionals de la John Tracy Center (EEUU).</p></article>[vc_video link=&#8221;https://youtu.be/mQy-HzV75Lw&#8221;][/vc_column_inner][/vc_row_inner][vc_row_inner][vc_column_inner width=&#8221;2/3&#8243;][vc_single_image image=&#8221;10851&#8243; img_size=&#8221;full&#8221;][/vc_column_inner][vc_column_inner width=&#8221;1/3&#8243;][/vc_column_inner][/vc_row_inner][/vc_column][vc_column][/vc_column][vc_column][/vc_column][/vc_row]

<p>[vc_row][vc_column][vc_row_inner][vc_column_inner][vc_column_text]Per respondre als dubtes i incerteses dels joves que ara estan a secundària, i també els de les seves famílies, vam convidar al Joan, al Miguel, la Sílvia, el Pedro, l’Andrea i la Clara a un col·loqui en línia. Ens van explicar la seva experiència, van fer moltes recomanacions als i les joves i van sorgir idees molt motivadores que volem compartir amb tots els&#8230; </p>
<p><a class="readmore" href="https://acapps.org/web/educacio/">LLEGIR MÉS</a></p>
