{"id":13226,"date":"2023-02-17T10:26:11","date_gmt":"2023-02-17T10:26:11","guid":{"rendered":"https:\/\/acapps.org\/web\/?page_id=13226"},"modified":"2023-02-17T10:54:26","modified_gmt":"2023-02-17T10:54:26","slug":"en-logopedia","status":"publish","type":"page","link":"https:\/\/acapps.org\/web\/en-logopedia\/","title":{"rendered":"En logop\u00e8dia"},"content":{"rendered":"[vc_row][vc_column width=&#8221;1\/2&#8243;][vc_column_text]\n<table class=\"mcnTextContentContainer\" border=\"0\" width=\"100%\" cellspacing=\"0\" cellpadding=\"0\" align=\"left\">\n<tbody>\n<tr>\n<td class=\"mcnTextContent\" valign=\"top\">\n<h3><strong>Qualsevol moment de la nostra vida di\u00e0ria pot convertir-se en una oportunitat per millorar el desenvolupament ling\u00fc\u00edstic del nostre fill\/a.\u00a0<\/strong><\/h3>\n<p>&nbsp;<\/td>\n<\/tr>\n<\/tbody>\n<\/table>\n[\/vc_column_text][\/vc_column][vc_column width=&#8221;1\/2&#8243;][vc_column_text]\n<table class=\"mcnTextContentContainer\" border=\"0\" width=\"100%\" cellspacing=\"0\" cellpadding=\"0\" align=\"left\">\n<tbody>\n<tr>\n<td class=\"mcnTextContent\" valign=\"top\">En fer-ho en fam\u00edlia, a casa i a trav\u00e9s de jocs i converses espont\u00e0nies aquestes din\u00e0miques ser\u00e0 integrat de forma natural en el nostre dia a dia i, sense\u00a0<span style=\"color: #000000;\">adonar-nos-en estarem complementant<\/span><\/p>\n<p><span style=\"color: #000000;\">la logop\u00e8dia que fa el nostre\/a fill\/a. Per oferir-vos recursos de com integrar aquestes pr\u00e0ctiques en el nostre dia a dia, estrenem la Biblioteca de Recursos amb la primera publicaci\u00f3, Can\u00e7oner amb pictogrames, que les<u><strong>\u00a0fam\u00edlies s\u00f2cies d&#8217;ACAPPS podeu demanar en pr\u00e9stec durant quinze dies.<\/strong><\/u><\/span><\/td>\n<\/tr>\n<\/tbody>\n<\/table>\n[\/vc_column_text][\/vc_column][\/vc_row][vc_row][vc_column][vc_column_text]\n<h4><strong>La nostra biblioteca de recursos en logop\u00e8dia per a fam\u00edlies s\u00f2cies d&#8217;ACAPPS<\/strong><\/h4>\n[\/vc_column_text][\/vc_column][\/vc_row][vc_row][vc_column width=&#8221;1\/3&#8243;]<article class=\"icon-box6\"><img decoding=\"async\" src=\"https:\/\/acapps.org\/web\/wp-content\/uploads\/2023\/02\/can\u00e7oner.jpg\" \/><h4>Can\u00e7oner amb pictogrames.<\/h4><p>Fitxes individuals de 15 can\u00e7ons populars en catal\u00e0 acompanyades d&#8217;imatges que il\u00b7lustra el vocabulari de la can\u00e7\u00f3.<br \/>\nPer a infants amb sordesa de 0 a 6 anys.<br \/>\nReservar el material per 15 dies a saaf@acapps.org<\/p><\/article>[\/vc_column][vc_column width=&#8221;1\/3&#8243;][\/vc_column][vc_column width=&#8221;1\/3&#8243;][\/vc_column][\/vc_row][vc_row][vc_column][\/vc_column][\/vc_row]\n","protected":false},"excerpt":{"rendered":"<p>[vc_row][vc_column width=&#8221;1\/2&#8243;][vc_column_text] Qualsevol moment de la nostra vida di\u00e0ria pot convertir-se en una oportunitat per millorar el desenvolupament ling\u00fc\u00edstic del nostre fill\/a.\u00a0 &nbsp; [\/vc_column_text][\/vc_column][vc_column width=&#8221;1\/2&#8243;][vc_column_text] En fer-ho en fam\u00edlia, a casa i a trav\u00e9s de jocs i converses espont\u00e0nies aquestes din\u00e0miques ser\u00e0 integrat de forma natural en el nostre dia a dia i, sense\u00a0adonar-nos-en estarem complementant la logop\u00e8dia que fa el nostre\/a fill\/a. Per oferir-vos&#8230; <\/p>\n<p><a class=\"readmore\" href=\"https:\/\/acapps.org\/web\/en-logopedia\/\">LLEGIR M\u00c9S<\/a><\/p>\n","protected":false},"author":3,"featured_media":0,"parent":0,"menu_order":0,"comment_status":"closed","ping_status":"closed","template":"","meta":{"footnotes":""},"_links":{"self":[{"href":"https:\/\/acapps.org\/web\/wp-json\/wp\/v2\/pages\/13226"}],"collection":[{"href":"https:\/\/acapps.org\/web\/wp-json\/wp\/v2\/pages"}],"about":[{"href":"https:\/\/acapps.org\/web\/wp-json\/wp\/v2\/types\/page"}],"author":[{"embeddable":true,"href":"https:\/\/acapps.org\/web\/wp-json\/wp\/v2\/users\/3"}],"replies":[{"embeddable":true,"href":"https:\/\/acapps.org\/web\/wp-json\/wp\/v2\/comments?post=13226"}],"version-history":[{"count":5,"href":"https:\/\/acapps.org\/web\/wp-json\/wp\/v2\/pages\/13226\/revisions"}],"predecessor-version":[{"id":13233,"href":"https:\/\/acapps.org\/web\/wp-json\/wp\/v2\/pages\/13226\/revisions\/13233"}],"wp:attachment":[{"href":"https:\/\/acapps.org\/web\/wp-json\/wp\/v2\/media?parent=13226"}],"curies":[{"name":"wp","href":"https:\/\/api.w.org\/{rel}","templated":true}]}}