{"id":4314,"date":"2015-03-10T11:02:18","date_gmt":"2015-03-10T11:02:18","guid":{"rendered":"http:\/\/webnus.biz\/themes\/california-wp\/default\/?page_id=4314"},"modified":"2018-01-12T11:45:37","modified_gmt":"2018-01-12T11:45:37","slug":"servei-de-gestio-i-treball-social","status":"publish","type":"page","link":"https:\/\/acapps.org\/web\/servei-de-gestio-i-treball-social\/","title":{"rendered":"Servei de gesti\u00f3 i treball social"},"content":{"rendered":"[vc_row][vc_column]<hr class=\"vertical-space1\"><div class=\"w-divider4\"><h3><span class=\"spl\">QU\u00c8<\/span><span class=\"colorf spr\" style=\"color:#ff8c31\">FEM?<\/span><span class=\"spln\"><\/span><\/h3><\/div><hr class=\"vertical-space1\">[vc_column_text]Des del Servei de Gesti\u00f3 i Treball Social informem, orientem i assessorem les persones amb p\u00e8rdua auditiva.<\/p>\n<p>Us atenem de forma personal i confidencial per con\u00e8ixer les vostres necessitats i informar-vos dels recursos existents i de les ajudes que com a entitat us podem oferir, com \u00e9s l\u2019atenci\u00f3 a trav\u00e9s dels nostre serveis. Tamb\u00e9 us informem i assessorem sobre com obtenir el certificat de discapacitat, els ajuts i prestacions que podeu aconseguir com, per exemple, les ajudes PUA per a l&#8217;adquisici\u00f3 d&#8217;audi\u00f2fons i\/o diferents mesures de suport a la comunicaci\u00f3 com els bucles magn\u00e8tics i sistemes de fm, entre d&#8217;altres.[\/vc_column_text]<div class=\"w-divider3\"><h3><span class=\"spb\"><span class=\"spl\">M\u00c9S<\/span><span class=\"colorb spr\" style=\"background-color:#dd9933\">INFORMACI\u00d3<\/span><\/span><span class=\"spln\"><\/span><\/h3><\/div>[vc_btn title=&#8221;Recursos i ajudes socials per a persones amb discapacitat auditiva&#8221; style=&#8221;flat&#8221; shape=&#8221;round&#8221; size=&#8221;lg&#8221; i_type=&#8221;openiconic&#8221; i_icon_openiconic=&#8221;vc-oi vc-oi-info&#8221; add_icon=&#8221;true&#8221; link=&#8221;url:http%3A%2F%2Facapps.org%2Fnewsite%2Frecursos-ajudes-discapacitat-auditiva%2F||&#8221;][\/vc_column][\/vc_row][vc_row][vc_column][vc_gallery interval=&#8221;3&#8243; images=&#8221;6293,6292,6291&#8243; img_size=&#8221;full&#8221; onclick=&#8221;&#8221;][\/vc_column][\/vc_row]\n","protected":false},"excerpt":{"rendered":"<p>[vc_row][vc_column][vc_column_text]Des del Servei de Gesti\u00f3 i Treball Social informem, orientem i assessorem les persones amb p\u00e8rdua auditiva. Us atenem de forma personal i confidencial per con\u00e8ixer les vostres necessitats i informar-vos dels recursos existents i de les ajudes que com a entitat us podem oferir, com \u00e9s l\u2019atenci\u00f3 a trav\u00e9s dels nostre serveis. Tamb\u00e9 us informem i assessorem sobre com obtenir el certificat de discapacitat,&#8230; <\/p>\n<p><a class=\"readmore\" href=\"https:\/\/acapps.org\/web\/servei-de-gestio-i-treball-social\/\">LLEGIR M\u00c9S<\/a><\/p>\n","protected":false},"author":1,"featured_media":0,"parent":0,"menu_order":0,"comment_status":"open","ping_status":"closed","template":"","meta":{"footnotes":""},"_links":{"self":[{"href":"https:\/\/acapps.org\/web\/wp-json\/wp\/v2\/pages\/4314"}],"collection":[{"href":"https:\/\/acapps.org\/web\/wp-json\/wp\/v2\/pages"}],"about":[{"href":"https:\/\/acapps.org\/web\/wp-json\/wp\/v2\/types\/page"}],"author":[{"embeddable":true,"href":"https:\/\/acapps.org\/web\/wp-json\/wp\/v2\/users\/1"}],"replies":[{"embeddable":true,"href":"https:\/\/acapps.org\/web\/wp-json\/wp\/v2\/comments?post=4314"}],"version-history":[{"count":19,"href":"https:\/\/acapps.org\/web\/wp-json\/wp\/v2\/pages\/4314\/revisions"}],"predecessor-version":[{"id":6428,"href":"https:\/\/acapps.org\/web\/wp-json\/wp\/v2\/pages\/4314\/revisions\/6428"}],"wp:attachment":[{"href":"https:\/\/acapps.org\/web\/wp-json\/wp\/v2\/media?parent=4314"}],"curies":[{"name":"wp","href":"https:\/\/api.w.org\/{rel}","templated":true}]}}

Servei de gestió i treball social

[vc_row][vc_column]<hr class="vertical-space1"><div class="w-divider4"><h3><span class="spl">QUÈ</span><span class="colorf spr" style="color:#ff8c31">FEM?</span><span class="spln"></span></h3></div><hr class="vertical-space1">[vc_column_text]Des del Servei de Gestió i Treball Social informem, orientem i assessorem les persones amb pèrdua auditiva.</p>
<p>Us atenem de forma personal i confidencial per conèixer les vostres necessitats i informar-vos dels recursos existents i de les ajudes que com a entitat us podem oferir, com és l’atenció a través dels nostre serveis. També us informem i assessorem sobre com obtenir el certificat de discapacitat, els ajuts i prestacions que podeu aconseguir com, per exemple, les ajudes PUA per a l&#8217;adquisició d&#8217;audiòfons i/o diferents mesures de suport a la comunicació com els bucles magnètics i sistemes de fm, entre d&#8217;altres.[/vc_column_text]<div class="w-divider3"><h3><span class="spb"><span class="spl">MÉS</span><span class="colorb spr" style="background-color:#dd9933">INFORMACIÓ</span></span><span class="spln"></span></h3></div>[vc_btn title=&#8221;Recursos i ajudes socials per a persones amb discapacitat auditiva&#8221; style=&#8221;flat&#8221; shape=&#8221;round&#8221; size=&#8221;lg&#8221; i_type=&#8221;openiconic&#8221; i_icon_openiconic=&#8221;vc-oi vc-oi-info&#8221; add_icon=&#8221;true&#8221; link=&#8221;url:http%3A%2F%2Facapps.org%2Fnewsite%2Frecursos-ajudes-discapacitat-auditiva%2F||&#8221;][/vc_column][/vc_row][vc_row][vc_column][vc_gallery interval=&#8221;3&#8243; images=&#8221;6293,6292,6291&#8243; img_size=&#8221;full&#8221; onclick=&#8221;&#8221;][/vc_column][/vc_row]

<p>[vc_row][vc_column][vc_column_text]Des del Servei de Gestió i Treball Social informem, orientem i assessorem les persones amb pèrdua auditiva. Us atenem de forma personal i confidencial per conèixer les vostres necessitats i informar-vos dels recursos existents i de les ajudes que com a entitat us podem oferir, com és l’atenció a través dels nostre serveis. També us informem i assessorem sobre com obtenir el certificat de discapacitat,&#8230; </p>
<p><a class="readmore" href="https://acapps.org/web/servei-de-gestio-i-treball-social/">LLEGIR MÉS</a></p>
