{"id":5171,"date":"2015-03-09T11:17:25","date_gmt":"2015-03-09T11:17:25","guid":{"rendered":"http:\/\/webnus.biz\/themes\/california-wp\/default\/?page_id=3109"},"modified":"2026-03-09T13:52:50","modified_gmt":"2026-03-09T13:52:50","slug":"home-acapps","status":"publish","type":"page","link":"https:\/\/acapps.org\/web\/","title":{"rendered":"Home Acapps"},"content":{"rendered":"[vc_row][vc_column][vc_row_inner][vc_column_inner width=&#8221;1\/3&#8243;][vc_single_image image=&#8221;15677&#8243; img_size=&#8221;full&#8221; onclick=&#8221;custom_link&#8221; link=&#8221;https:\/\/acapps.org\/web\/xarxafamilies\/&#8221;][\/vc_column_inner][vc_column_inner width=&#8221;1\/3&#8243;][vc_single_image image=&#8221;15678&#8243; img_size=&#8221;full&#8221; onclick=&#8221;custom_link&#8221; link=&#8221;https:\/\/acapps.org\/web\/persones-amb-sordesa\/&#8221;][vc_empty_space height=&#8221;52px&#8221;][\/vc_column_inner][vc_column_inner width=&#8221;1\/3&#8243;][vc_single_image image=&#8221;15679&#8243; img_size=&#8221;full&#8221; onclick=&#8221;custom_link&#8221; link=&#8221;https:\/\/acapps.org\/web\/empreses\/&#8221;][\/vc_column_inner][\/vc_row_inner][vc_row_inner][vc_column_inner width=&#8221;1\/6&#8243;][vc_single_image image=&#8221;13801&#8243; img_size=&#8221;full&#8221; onclick=&#8221;custom_link&#8221; link=&#8221;https:\/\/acapps.org\/web\/arafeina\/&#8221;][\/vc_column_inner][vc_column_inner width=&#8221;1\/6&#8243;][vc_single_image image=&#8221;13802&#8243; img_size=&#8221;full&#8221; onclick=&#8221;custom_link&#8221; link=&#8221;https:\/\/acapps.org\/web\/dret-a-laccessibilitat\/&#8221;][\/vc_column_inner][vc_column_inner width=&#8221;1\/6&#8243;][vc_single_image image=&#8221;13812&#8243; img_size=&#8221;full&#8221; onclick=&#8221;custom_link&#8221; link=&#8221;https:\/\/mailchi.mp\/acapps\/agendafebrer&#8221;][\/vc_column_inner][vc_column_inner width=&#8221;1\/6&#8243;][vc_single_image image=&#8221;13809&#8243; img_size=&#8221;full&#8221; onclick=&#8221;custom_link&#8221; link=&#8221;https:\/\/acapps.org\/web\/subtitulacio-daudiovisuals-en-catala\/&#8221;][vc_empty_space height=&#8221;80px&#8221;][\/vc_column_inner][vc_column_inner width=&#8221;1\/6&#8243;][vc_single_image image=&#8221;15680&#8243; img_size=&#8221;full&#8221; onclick=&#8221;custom_link&#8221; link=&#8221;https:\/\/acapps.org\/web\/dret-a-laccessibilitat\/&#8221;][\/vc_column_inner][vc_column_inner width=&#8221;1\/6&#8243;][vc_single_image image=&#8221;13824&#8243; img_size=&#8221;full&#8221; onclick=&#8221;custom_link&#8221; link=&#8221;https:\/\/docs.google.com\/forms\/d\/e\/1FAIpQLSfZGjVEv&#8211;ta2wzyctXiSzG9bIkmOttzqrv6I4ldKUjkpLWVA\/viewform&#8221;][\/vc_column_inner][\/vc_row_inner][\/vc_column][\/vc_row][vc_row video_fullscreen=&#8221;true&#8221; video_type=&#8221;video\/youtube&#8221;][vc_column]<div class=\"w-divider\"><i class=\"colorb  fa-play\" style=\"background-color:#f7d23d\"><\/i><h3><span class=\"spl\">ACTUALITAT<\/span><\/h3><\/div><hr class=\"vertical-space3\"><div class=\"container latestposts-two\">\r\n      \t\t<div class=\"col-md-7\">\r\n\t\t\t\t<article class=\"blog-post clearfix \">\r\n\t\t\t\t\t<figure class=\"pad-r20\">\r\n\t\t\t\t\t\t\t\t<a href=\"https:\/\/acapps.org\/web\/2026\/04\/08\/el-senat-aprova-una-mocio-per-impulsar-la-deteccio-de-la-sordesa-al-llarg-de-la-infantesa\/\" title=\"El Senat aprova una moci\u00f3 per impulsar la detecci\u00f3 de la sordesa al llarg de la infantesa\"><img decoding=\"async\" src=\"https:\/\/acapps.org\/web\/wp-content\/uploads\/2026\/04\/Copia-de-40-denuncies-1-720x388.jpg\" alt=\"El Senat aprova una moci\u00f3 per impulsar la detecci\u00f3 de la sordesa al llarg de la infantesa\" class=\"Thumbnail latestfromblog \" \/><\/a>\t\t\t\t\t<\/figure>\r\n\t\t\t\t\t<div class=\"entry-menta\"><div class=\"blog-date-sec\"><img alt='' src='https:\/\/secure.gravatar.com\/avatar\/2648c9fc78c766fadd96171eb6015e84?s=90&#038;d=mm&#038;r=g' srcset='https:\/\/secure.gravatar.com\/avatar\/2648c9fc78c766fadd96171eb6015e84?s=180&#038;d=mm&#038;r=g 2x' class='avatar avatar-90 photo' height='90' width='90' \/><\/div><p class=\"blog-author\"><strong>By<\/strong> <a href=\"https:\/\/acapps.org\/web\/author\/francina-ballester\/\" title=\"Entrades de Francina\" rel=\"author\">Francina<\/a><strong> \/ <\/strong> <a href=\"https:\/\/acapps.org\/web\/category\/acapps\/\" rel=\"category tag\">ACAPPS<\/a>\/ <a href=\"https:\/\/acapps.org\/web\/category\/diagnostic\/\" rel=\"category tag\">diagn\u00f2stic<\/a>\/ <a href=\"https:\/\/acapps.org\/web\/category\/discapacitat\/\" rel=\"category tag\">Discapacitat<\/a>\/ <a href=\"https:\/\/acapps.org\/web\/category\/federacio-acapps\/\" rel=\"category tag\">Federaci\u00f3 ACAPPS<\/a>\/ <a href=\"https:\/\/acapps.org\/web\/category\/fiapas\/\" rel=\"category tag\">FIAPAS<\/a>\/ <a href=\"https:\/\/acapps.org\/web\/category\/salut\/\" rel=\"category tag\">salut<\/a>\/ <a href=\"https:\/\/acapps.org\/web\/category\/sordesa\/\" rel=\"category tag\">sordesa<\/a><br><span class=\"tline-date lfb2\"><strong>08 <\/strong>abr. 2026 <\/span><\/p><\/div><div class=\"entry-content\"><h4><a href=\"https:\/\/acapps.org\/web\/2026\/04\/08\/el-senat-aprova-una-mocio-per-impulsar-la-deteccio-de-la-sordesa-al-llarg-de-la-infantesa\/\">El Senat aprova una moci\u00f3 per impulsar la detecci\u00f3 de la sordesa al llarg de la infantesa<\/a><\/h4><p class=\"blog-detail\">El text insta el Govern espanyol a avan\u00e7ar cap a un \u201cmodel de prevenci\u00f3 i detecci\u00f3 auditiva continuada\u201d La Comissi\u00f3 de Fam\u00edlies del Senat ha aprovat una moci\u00f3 que insta el Govern espanyol a avan\u00e7ar cap a un model de prevenci\u00f3 i detecci\u00f3 auditiva continuada des de la infantesa. La iniciativa, presentada pel grup parlamentari popular, amplia el marc d\u2019acci\u00f3 m\u00e9s enll\u00e0 del cribratge auditiu... <br><br><a class=\"readmore\" href=\"https:\/\/acapps.org\/web\/2026\/04\/08\/el-senat-aprova-una-mocio-per-impulsar-la-deteccio-de-la-sordesa-al-llarg-de-la-infantesa\/\">LLEGIR M\u00c9S<\/a><\/p><\/div>\r\n\t\t\t\t<\/article>\r\n\t\t\t<\/div>\r\n\t\t\t\t<div class=\"col-md-5\">\r\n      \t<article class=\"blog-line clearfix\">\r\n          \t<a href=\"https:\/\/acapps.org\/web\/2026\/04\/07\/oferta-de-feina-tecnic-a-dacompanyament-a-persones-amb-sordesa-i-families\/\" class=\"img-hover\"><img decoding=\"async\" src=\"https:\/\/acapps.org\/web\/wp-content\/uploads\/2026\/04\/oferta_feina-140x110.jpg\" alt=\"Oferta de feina: t\u00e8cnic\/a d&#8217;acompanyament a persones amb sordesa i fam\u00edlies\" class=\"Thumbnail lfb_thumb \" \/><\/a>\r\n\t\t\t<p class=\"blog-cat\"><a href=\"https:\/\/acapps.org\/web\/category\/acapps\/\" rel=\"category tag\">ACAPPS<\/a>, <a href=\"https:\/\/acapps.org\/web\/category\/discapacitat\/\" rel=\"category tag\">Discapacitat<\/a>, <a href=\"https:\/\/acapps.org\/web\/category\/feina\/\" rel=\"category tag\">feina<\/a>, <a href=\"https:\/\/acapps.org\/web\/category\/actualitat\/\" rel=\"category tag\">Persones Sordes<\/a>, <a href=\"https:\/\/acapps.org\/web\/category\/sordesa\/\" rel=\"category tag\">sordesa<\/a><\/p><h4><a href=\"https:\/\/acapps.org\/web\/2026\/04\/07\/oferta-de-feina-tecnic-a-dacompanyament-a-persones-amb-sordesa-i-families\/\">Oferta de feina: t\u00e8cnic\/a d&#8217;acompanyament a persones amb sordesa i fam\u00edlies<\/a><\/h4><p>07 abr. 2026 \t\/<strong>by<\/strong> Francina        <\/article>\r\n\t\t<\/div>\r\n      \t\t<div class=\"col-md-5\">\r\n      \t<article class=\"blog-line clearfix\">\r\n          \t<a href=\"https:\/\/acapps.org\/web\/2026\/03\/26\/les-beques-nese-segueixen-excloent-part-de-lalumnat-amb-sordesa\/\" class=\"img-hover\"><img decoding=\"async\" src=\"https:\/\/acapps.org\/web\/wp-content\/uploads\/2026\/03\/infants_3-140x110.jpg\" alt=\"Les beques NESE segueixen excloent part de l&#8217;alumnat amb sordesa\" class=\"Thumbnail lfb_thumb \" \/><\/a>\r\n\t\t\t<p class=\"blog-cat\"><a href=\"https:\/\/acapps.org\/web\/category\/acapps\/\" rel=\"category tag\">ACAPPS<\/a>, <a href=\"https:\/\/acapps.org\/web\/category\/discapacitat\/\" rel=\"category tag\">Discapacitat<\/a>, <a href=\"https:\/\/acapps.org\/web\/category\/educacio-inclusiva\/\" rel=\"category tag\">Educaci\u00f3 Inclusiva<\/a>, <a href=\"https:\/\/acapps.org\/web\/category\/families\/\" rel=\"category tag\">Fam\u00edlies<\/a>, <a href=\"https:\/\/acapps.org\/web\/category\/uncategorized\/\" rel=\"category tag\">Inclusi\u00f3<\/a>, <a href=\"https:\/\/acapps.org\/web\/category\/sordesa\/\" rel=\"category tag\">sordesa<\/a><\/p><h4><a href=\"https:\/\/acapps.org\/web\/2026\/03\/26\/les-beques-nese-segueixen-excloent-part-de-lalumnat-amb-sordesa\/\">Les beques NESE segueixen excloent part de l&#8217;alumnat amb sordesa<\/a><\/h4><p>26 mar\u00e7 2026 \t\/<strong>by<\/strong> acapps        <\/article>\r\n\t\t<\/div>\r\n      \t\t<div class=\"col-md-5\">\r\n      \t<article class=\"blog-line clearfix\">\r\n          \t<a href=\"https:\/\/acapps.org\/web\/2026\/03\/19\/portem-sant-jordi-a-les-empreses\/\" class=\"img-hover\"><img decoding=\"async\" src=\"https:\/\/acapps.org\/web\/wp-content\/uploads\/2026\/03\/sant_jordi_baner-140x110.jpg\" alt=\"Portem Sant Jordi a les empreses!\" class=\"Thumbnail lfb_thumb \" \/><\/a>\r\n\t\t\t<p class=\"blog-cat\"><a href=\"https:\/\/acapps.org\/web\/category\/acapps\/\" rel=\"category tag\">ACAPPS<\/a>, <a href=\"https:\/\/acapps.org\/web\/category\/empresa\/\" rel=\"category tag\">Empresa<\/a>, <a href=\"https:\/\/acapps.org\/web\/category\/uncategorized\/\" rel=\"category tag\">Inclusi\u00f3<\/a>, <a href=\"https:\/\/acapps.org\/web\/category\/infants\/\" rel=\"category tag\">infants<\/a>, <a href=\"https:\/\/acapps.org\/web\/category\/sordesa\/\" rel=\"category tag\">sordesa<\/a><\/p><h4><a href=\"https:\/\/acapps.org\/web\/2026\/03\/19\/portem-sant-jordi-a-les-empreses\/\">Portem Sant Jordi a les empreses!<\/a><\/h4><p>19 mar\u00e7 2026 \t\/<strong>by<\/strong> acapps        <\/article>\r\n\t\t<\/div>\r\n      \t\t<div class=\"col-md-5\">\r\n      \t<article class=\"blog-line clearfix\">\r\n          \t<a href=\"https:\/\/acapps.org\/web\/2026\/03\/18\/lajuntament-de-barcelona-aprova-garantir-la-subtitulacio-accessible-a-tots-els-actes-publics-municipals\/\" class=\"img-hover\"><img decoding=\"async\" src=\"https:\/\/acapps.org\/web\/wp-content\/uploads\/2026\/03\/bcn-140x110.jpg\" alt=\"L\u2019ajuntament de Barcelona aprova garantir la subtitulaci\u00f3 accessible a tots els actes p\u00fablics municipals\" class=\"Thumbnail lfb_thumb \" \/><\/a>\r\n\t\t\t<p class=\"blog-cat\"><a href=\"https:\/\/acapps.org\/web\/category\/acapps\/\" rel=\"category tag\">ACAPPS<\/a>, <a href=\"https:\/\/acapps.org\/web\/category\/fashion\/\" rel=\"category tag\">Accessibilitat<\/a>, <a href=\"https:\/\/acapps.org\/web\/category\/bucle-magnetic\/\" rel=\"category tag\">Bucle magn\u00e8tic<\/a>, <a href=\"https:\/\/acapps.org\/web\/category\/drets\/\" rel=\"category tag\">drets<\/a>, <a href=\"https:\/\/acapps.org\/web\/category\/federacio-acapps\/\" rel=\"category tag\">Federaci\u00f3 ACAPPS<\/a>, <a href=\"https:\/\/acapps.org\/web\/category\/incidencia-politica\/\" rel=\"category tag\">Incid\u00e8ncia pol\u00edtica<\/a>, <a href=\"https:\/\/acapps.org\/web\/category\/sordesa\/\" rel=\"category tag\">sordesa<\/a>, <a href=\"https:\/\/acapps.org\/web\/category\/fashion\/company\/\" rel=\"category tag\">Subtitulaci\u00f3<\/a><\/p><h4><a href=\"https:\/\/acapps.org\/web\/2026\/03\/18\/lajuntament-de-barcelona-aprova-garantir-la-subtitulacio-accessible-a-tots-els-actes-publics-municipals\/\">L\u2019ajuntament de Barcelona aprova garantir la subtitulaci\u00f3 accessible a tots els actes p\u00fablics municipals<\/a><\/h4><p>18 mar\u00e7 2026 \t\/<strong>by<\/strong> acapps        <\/article>\r\n\t\t<\/div>\r\n      <\/div>\r\n[\/vc_column][\/vc_row][vc_row][vc_column width=&#8221;1\/2&#8243;][vc_single_image image=&#8221;14997&#8243; img_size=&#8221;full&#8221; onclick=&#8221;custom_link&#8221; link=&#8221;https:\/\/chat.whatsapp.com\/JAMLAdCPmyhHIKLuqV75WH&#8221;][\/vc_column][vc_column width=&#8221;1\/2&#8243;][vc_single_image image=&#8221;14563&#8243; img_size=&#8221;full&#8221; alignment=&#8221;right&#8221; onclick=&#8221;custom_link&#8221; link=&#8221;https:\/\/acapps.org\/web\/transparencia\/&#8221;][\/vc_column][\/vc_row][vc_row][vc_column]<div class=\"w-divider\"><i class=\"colorb  fa-check\" style=\"background-color:#f7d23d\"><\/i><h3><span class=\"spl\">ENTITATS COL\u00b7LABORADORES I AMIGUES<\/span><\/h3><\/div><hr class=\"vertical-space1\"><div class=\"aligncenter\"><hr class=\"vertical-space1\"><div class=\"col-md-12 our-clients-wrap crsl\"><ul id=\"our-clients\" class=\"our-clients crsl\"><li><img decoding=\"async\" alt=\"\" src=\"https:\/\/acapps.org\/web\/wp-content\/uploads\/2021\/07\/gencat_logo.jpg\"\/><\/li><li><img decoding=\"async\" alt=\"\" src=\"https:\/\/acapps.org\/web\/wp-content\/uploads\/2025\/11\/unnamed.jpg\"\/><\/li><li><img decoding=\"async\" alt=\"\" src=\"https:\/\/acapps.org\/web\/wp-content\/uploads\/2025\/11\/BAssetsSignaturaV0.430-scaled.jpg\"\/><\/li><li><img decoding=\"async\" alt=\"\" src=\"https:\/\/acapps.org\/web\/wp-content\/uploads\/2015\/03\/diputacio.jpg\"\/><\/li><li><img decoding=\"async\" alt=\"\" src=\"https:\/\/acapps.org\/web\/wp-content\/uploads\/2015\/03\/saaf-logo3.jpg\"\/><\/li><li><img decoding=\"async\" alt=\"\" src=\"https:\/\/acapps.org\/web\/wp-content\/uploads\/2015\/03\/FIAPAS_logo.jpg\"\/><\/li><li><img decoding=\"async\" alt=\"\" src=\"https:\/\/acapps.org\/web\/wp-content\/uploads\/2015\/03\/fons-social.jpg\"\/><\/li><li><img decoding=\"async\" alt=\"\" src=\"https:\/\/acapps.org\/web\/wp-content\/uploads\/2021\/07\/fundaci\u00f3_lacaixa.jpg\"\/><\/li><li><img decoding=\"async\" alt=\"\" src=\"https:\/\/acapps.org\/web\/wp-content\/uploads\/2021\/10\/LOGO-AURAL_CENTRES-AUDITIUS-BN-2.jpg\"\/><\/li><li><img decoding=\"async\" alt=\"\" src=\"https:\/\/acapps.org\/web\/wp-content\/uploads\/2015\/03\/MED-EL_red_large.png\"\/><\/li><li><img decoding=\"async\" alt=\"\" src=\"https:\/\/acapps.org\/web\/wp-content\/uploads\/2021\/10\/LOGO_rvalfa_def.jpg\"\/><\/li><li><img decoding=\"async\" alt=\"\" src=\"https:\/\/acapps.org\/web\/wp-content\/uploads\/2018\/06\/barca-fundacio.png\"\/><\/li><li><img decoding=\"async\" alt=\"\" src=\"https:\/\/acapps.org\/web\/wp-content\/uploads\/2023\/09\/OXfam_intermon_OSP_VL_C_RGB-1-1.png\"\/><\/li><li><img decoding=\"async\" alt=\"\" src=\"https:\/\/acapps.org\/web\/wp-content\/uploads\/2020\/10\/ENCUESTA_FACIL.png\"\/><\/li><li><img decoding=\"async\" alt=\"\" src=\"https:\/\/acapps.org\/web\/wp-content\/uploads\/2024\/11\/GAES_amplifon_positivo.jpg\"\/><\/li><li><img decoding=\"async\" alt=\"\" src=\"https:\/\/acapps.org\/web\/wp-content\/uploads\/2024\/11\/ailainafflelou.jpg\"\/><\/li><li><img decoding=\"async\" alt=\"\" src=\"https:\/\/acapps.org\/web\/wp-content\/uploads\/2024\/11\/salva-audiologia.jpeg\"\/><\/li><li><img decoding=\"async\" alt=\"\" src=\"https:\/\/acapps.org\/web\/wp-content\/uploads\/2024\/11\/smartso.jpeg\"\/><\/li><li><img decoding=\"async\" alt=\"\" src=\"https:\/\/acapps.org\/web\/wp-content\/uploads\/2024\/11\/AUDIKA-1-scaled-1.jpg\"\/><\/li><li><img decoding=\"async\" alt=\"\" src=\"https:\/\/acapps.org\/web\/wp-content\/uploads\/2025\/11\/Arrecife-Logo-con-simbolo_Arrecife-logosimbolo-11-lineas-1-1.jpg\"\/><\/li><\/ul><\/div><hr class=\"vertical-space2\"><\/div><hr class=\"vertical-space2\"><div class=\"w-divider\"><h3><span class=\"spl\">TREBALLEM EN XARXA AMB:<\/span><\/h3><\/div><div class=\"aligncenter\"><hr class=\"vertical-space1\"><div class=\"col-md-12 our-clients-wrap crsl\"><ul id=\"our-clients\" class=\"our-clients crsl\"><li><img decoding=\"async\" alt=\"\" src=\"https:\/\/acapps.org\/web\/wp-content\/uploads\/2020\/12\/FIAPAS_logo.jpg\"\/><\/li><li><img decoding=\"async\" alt=\"\" src=\"https:\/\/acapps.org\/web\/wp-content\/uploads\/2016\/03\/COCARMI.JPG.jpg\"\/><\/li><li><img decoding=\"async\" alt=\"\" src=\"https:\/\/acapps.org\/web\/wp-content\/uploads\/2016\/04\/Pastilla-IMD.jpg\"\/><\/li><li><img decoding=\"async\" alt=\"\" src=\"https:\/\/acapps.org\/web\/wp-content\/uploads\/2018\/06\/Acord_Ciutad\u00e0_BCN_Inclusiva-e1673604997387.jpg\"\/><\/li><li><img decoding=\"async\" alt=\"\" src=\"https:\/\/acapps.org\/web\/wp-content\/uploads\/2018\/06\/Logo_XIB_Verd-CORRECTE-1.jpg\"\/><\/li><li><img decoding=\"async\" alt=\"\" src=\"https:\/\/acapps.org\/web\/wp-content\/uploads\/2020\/11\/Logo-XAVI-1024x652-1.png\"\/><\/li><li><img decoding=\"async\" alt=\"\" src=\"https:\/\/acapps.org\/web\/wp-content\/uploads\/2023\/01\/FCVS.png\"\/><\/li><li><img decoding=\"async\" alt=\"\" src=\"https:\/\/acapps.org\/web\/wp-content\/uploads\/2018\/07\/apropa-cultura-logo.png\"\/><\/li><li><img decoding=\"async\" alt=\"\" src=\"https:\/\/acapps.org\/web\/wp-content\/uploads\/2018\/06\/Sant-Joan-de-D\u00e9u_logo.png\"\/><\/li><li><img decoding=\"async\" alt=\"\" src=\"https:\/\/acapps.org\/web\/wp-content\/uploads\/2016\/04\/ConsellConsultiuPacients_logo.jpeg\"\/><\/li><li><img decoding=\"async\" alt=\"\" src=\"https:\/\/acapps.org\/web\/wp-content\/uploads\/2024\/09\/fidelitis_logo-2.png\"\/><\/li><li><img decoding=\"async\" alt=\"\" src=\"https:\/\/acapps.org\/web\/wp-content\/uploads\/2018\/06\/transmedia_catalonia_UAB.gif\"\/><\/li><li><img decoding=\"async\" alt=\"\" src=\"https:\/\/acapps.org\/web\/wp-content\/uploads\/2018\/06\/ASME_LOGO.jpg\"\/><\/li><li><img decoding=\"async\" alt=\"\" src=\"https:\/\/acapps.org\/web\/wp-content\/uploads\/2018\/07\/112_emerg\u00e8ncies.jpg\"\/><\/li><li><img decoding=\"async\" alt=\"\" src=\"https:\/\/acapps.org\/web\/wp-content\/uploads\/2018\/09\/transparent_logo.jpg\"\/><\/li><\/ul><\/div><hr class=\"vertical-space2\"><\/div>[vc_row_inner][vc_column_inner]<div class=\"w-divider\"><i class=\"colorb  fa-heart\" style=\"background-color:\"><\/i><h3><span class=\"spl\">ENTITATS AMIGUES<\/span><span class=\"colorf spr\" style=\"color:; \"> D'ARA CULTURA<\/span><\/h3><\/div>[\/vc_column_inner][\/vc_row_inner][vc_row_inner][vc_column_inner]<div class=\"aligncenter\"><hr class=\"vertical-space1\"><div class=\"col-md-12 our-clients-wrap crsl\"><ul id=\"our-clients\" class=\"our-clients crsl\"><li><img decoding=\"async\" alt=\"\" src=\"https:\/\/acapps.org\/web\/wp-content\/uploads\/2024\/07\/teatre_lliure.png\"\/><\/li><li><img decoding=\"async\" alt=\"\" src=\"https:\/\/acapps.org\/web\/wp-content\/uploads\/2025\/12\/LAuditori_logo_JPG.jpg\"\/><\/li><li><img decoding=\"async\" alt=\"\" src=\"https:\/\/acapps.org\/web\/wp-content\/uploads\/2024\/07\/teatre_poliorama.png\"\/><\/li><li><img decoding=\"async\" alt=\"\" src=\"https:\/\/acapps.org\/web\/wp-content\/uploads\/2025\/06\/cicle_gaudi_logo.png\"\/><\/li><li><img decoding=\"async\" alt=\"\" src=\"https:\/\/acapps.org\/web\/wp-content\/uploads\/2024\/11\/Logo-El-Meu-Primer-Festival.jpg\"\/><\/li><li><img decoding=\"async\" alt=\"\" src=\"https:\/\/acapps.org\/web\/wp-content\/uploads\/2025\/06\/sONAR.png\"\/><\/li><li><img decoding=\"async\" alt=\"\" src=\"https:\/\/acapps.org\/web\/wp-content\/uploads\/2025\/06\/teatre_texas_logo_negre-300x120-1.png\"\/><\/li><li><img decoding=\"async\" alt=\"\" src=\"https:\/\/acapps.org\/web\/wp-content\/uploads\/2025\/06\/Teatre-accessible-300x169-1.png\"\/><\/li><li><img decoding=\"async\" alt=\"\" src=\"https:\/\/acapps.org\/web\/wp-content\/uploads\/2025\/06\/TEATREOLIA-logo-positiu-PNG-1-300x68-1.png\"\/><\/li><li><img decoding=\"async\" alt=\"\" src=\"https:\/\/acapps.org\/web\/wp-content\/uploads\/2024\/07\/SAT_teatre.png\"\/><\/li><li><img decoding=\"async\" alt=\"\" src=\"https:\/\/acapps.org\/web\/wp-content\/uploads\/2025\/12\/cccb-logo.png\"\/><\/li><li><img decoding=\"async\" alt=\"\" src=\"https:\/\/acapps.org\/web\/wp-content\/uploads\/2024\/07\/fundacio_joanMiro.png\"\/><\/li><li><img decoding=\"async\" alt=\"\" src=\"https:\/\/acapps.org\/web\/wp-content\/uploads\/2025\/06\/fundacio_joan_brossa.png\"\/><\/li><li><img decoding=\"async\" alt=\"\" src=\"https:\/\/acapps.org\/web\/wp-content\/uploads\/2025\/12\/logo-Fundacio-Josep-Pla.png\"\/><\/li><li><img decoding=\"async\" alt=\"\" src=\"https:\/\/acapps.org\/web\/wp-content\/uploads\/2025\/12\/LOGO-CASTELL-DE-CONCABELLA.jpg\"\/><\/li><li><img decoding=\"async\" alt=\"\" src=\"https:\/\/acapps.org\/web\/wp-content\/uploads\/2025\/06\/logo_la_roda1_color.jpg\"\/><\/li><li><img decoding=\"async\" alt=\"\" src=\"https:\/\/acapps.org\/web\/wp-content\/uploads\/2025\/12\/logo-ateneu-popular-de-nou-barris.png\"\/><\/li><li><img decoding=\"async\" alt=\"\" src=\"https:\/\/acapps.org\/web\/wp-content\/uploads\/2025\/06\/La-Belluga.jpg\"\/><\/li><li><img decoding=\"async\" alt=\"\" src=\"https:\/\/acapps.org\/web\/wp-content\/uploads\/2024\/11\/CENTRE-DE-LECTURA-DE-REUS.png\"\/><\/li><li><img decoding=\"async\" alt=\"\" src=\"https:\/\/acapps.org\/web\/wp-content\/uploads\/2024\/11\/logo-espais-escrits.png\"\/><\/li><li><img decoding=\"async\" alt=\"\" src=\"https:\/\/acapps.org\/web\/wp-content\/uploads\/2025\/06\/LOGO-TOMASA-CUEVAS2-300x74-1.png\"\/><\/li><li><img decoding=\"async\" alt=\"\" src=\"https:\/\/acapps.org\/web\/wp-content\/uploads\/2025\/06\/consell-comarcal-baix-emporda-logo-patrons-300x150-1.jpg\"\/><\/li><li><img decoding=\"async\" alt=\"\" src=\"https:\/\/acapps.org\/web\/wp-content\/uploads\/2026\/01\/nou_l_01_logo_bcc-fondo-transp.png\"\/><\/li><li><img decoding=\"async\" alt=\"\" src=\"https:\/\/acapps.org\/web\/wp-content\/uploads\/2026\/01\/Festival-Inclus.jpg\"\/><\/li><li><img decoding=\"async\" alt=\"\" src=\"https:\/\/acapps.org\/web\/wp-content\/uploads\/2026\/03\/CC-SANT-MARTI.jpg\"\/><\/li><li><img decoding=\"async\" alt=\"\" src=\"https:\/\/acapps.org\/web\/wp-content\/uploads\/2026\/03\/FAC-1.png\"\/><\/li><li><img decoding=\"async\" alt=\"\" src=\"https:\/\/acapps.org\/web\/wp-content\/uploads\/2026\/03\/tanta-color-03-web-1.jpg\"\/><\/li><\/ul><\/div><hr class=\"vertical-space2\"><\/div>[\/vc_column_inner][\/vc_row_inner][\/vc_column][\/vc_row]\n","protected":false},"excerpt":{"rendered":"<p>[vc_row][vc_column][vc_row_inner][vc_column_inner width=&#8221;1\/3&#8243;][vc_single_image image=&#8221;15677&#8243; img_size=&#8221;full&#8221; onclick=&#8221;custom_link&#8221; link=&#8221;https:\/\/acapps.org\/web\/xarxafamilies\/&#8221;][\/vc_column_inner][vc_column_inner width=&#8221;1\/3&#8243;][vc_single_image image=&#8221;15678&#8243; img_size=&#8221;full&#8221; onclick=&#8221;custom_link&#8221; link=&#8221;https:\/\/acapps.org\/web\/persones-amb-sordesa\/&#8221;][vc_empty_space height=&#8221;52px&#8221;][\/vc_column_inner][vc_column_inner width=&#8221;1\/3&#8243;][vc_single_image image=&#8221;15679&#8243; img_size=&#8221;full&#8221; onclick=&#8221;custom_link&#8221; link=&#8221;https:\/\/acapps.org\/web\/empreses\/&#8221;][\/vc_column_inner][\/vc_row_inner][vc_row_inner][vc_column_inner width=&#8221;1\/6&#8243;][vc_single_image image=&#8221;13801&#8243; img_size=&#8221;full&#8221; onclick=&#8221;custom_link&#8221; link=&#8221;https:\/\/acapps.org\/web\/arafeina\/&#8221;][\/vc_column_inner][vc_column_inner width=&#8221;1\/6&#8243;][vc_single_image image=&#8221;13802&#8243; img_size=&#8221;full&#8221; onclick=&#8221;custom_link&#8221; link=&#8221;https:\/\/acapps.org\/web\/dret-a-laccessibilitat\/&#8221;][\/vc_column_inner][vc_column_inner width=&#8221;1\/6&#8243;][vc_single_image image=&#8221;13812&#8243; img_size=&#8221;full&#8221; onclick=&#8221;custom_link&#8221; link=&#8221;https:\/\/mailchi.mp\/acapps\/agendafebrer&#8221;][\/vc_column_inner][vc_column_inner width=&#8221;1\/6&#8243;][vc_single_image image=&#8221;13809&#8243; img_size=&#8221;full&#8221; onclick=&#8221;custom_link&#8221; link=&#8221;https:\/\/acapps.org\/web\/subtitulacio-daudiovisuals-en-catala\/&#8221;][vc_empty_space height=&#8221;80px&#8221;][\/vc_column_inner][vc_column_inner width=&#8221;1\/6&#8243;][vc_single_image image=&#8221;15680&#8243; img_size=&#8221;full&#8221; onclick=&#8221;custom_link&#8221; link=&#8221;https:\/\/acapps.org\/web\/dret-a-laccessibilitat\/&#8221;][\/vc_column_inner][vc_column_inner width=&#8221;1\/6&#8243;][vc_single_image image=&#8221;13824&#8243; img_size=&#8221;full&#8221; onclick=&#8221;custom_link&#8221; link=&#8221;https:\/\/docs.google.com\/forms\/d\/e\/1FAIpQLSfZGjVEv&#8211;ta2wzyctXiSzG9bIkmOttzqrv6I4ldKUjkpLWVA\/viewform&#8221;][\/vc_column_inner][\/vc_row_inner][\/vc_column][\/vc_row][vc_row video_fullscreen=&#8221;true&#8221; video_type=&#8221;video\/youtube&#8221;][vc_column][\/vc_column][\/vc_row][vc_row][vc_column width=&#8221;1\/2&#8243;][vc_single_image image=&#8221;14997&#8243; img_size=&#8221;full&#8221; onclick=&#8221;custom_link&#8221; link=&#8221;https:\/\/chat.whatsapp.com\/JAMLAdCPmyhHIKLuqV75WH&#8221;][\/vc_column][vc_column width=&#8221;1\/2&#8243;][vc_single_image image=&#8221;14563&#8243; img_size=&#8221;full&#8221; alignment=&#8221;right&#8221; onclick=&#8221;custom_link&#8221; link=&#8221;https:\/\/acapps.org\/web\/transparencia\/&#8221;][\/vc_column][\/vc_row][vc_row][vc_column][vc_row_inner][vc_column_inner][\/vc_column_inner][\/vc_row_inner][vc_row_inner][vc_column_inner][\/vc_column_inner][\/vc_row_inner][\/vc_column][\/vc_row]<\/p>\n","protected":false},"author":1,"featured_media":12066,"parent":0,"menu_order":0,"comment_status":"open","ping_status":"closed","template":"","meta":{"footnotes":""},"_links":{"self":[{"href":"https:\/\/acapps.org\/web\/wp-json\/wp\/v2\/pages\/5171"}],"collection":[{"href":"https:\/\/acapps.org\/web\/wp-json\/wp\/v2\/pages"}],"about":[{"href":"https:\/\/acapps.org\/web\/wp-json\/wp\/v2\/types\/page"}],"author":[{"embeddable":true,"href":"https:\/\/acapps.org\/web\/wp-json\/wp\/v2\/users\/1"}],"replies":[{"embeddable":true,"href":"https:\/\/acapps.org\/web\/wp-json\/wp\/v2\/comments?post=5171"}],"version-history":[{"count":519,"href":"https:\/\/acapps.org\/web\/wp-json\/wp\/v2\/pages\/5171\/revisions"}],"predecessor-version":[{"id":16651,"href":"https:\/\/acapps.org\/web\/wp-json\/wp\/v2\/pages\/5171\/revisions\/16651"}],"wp:featuredmedia":[{"embeddable":true,"href":"https:\/\/acapps.org\/web\/wp-json\/wp\/v2\/media\/12066"}],"wp:attachment":[{"href":"https:\/\/acapps.org\/web\/wp-json\/wp\/v2\/media?parent=5171"}],"curies":[{"name":"wp","href":"https:\/\/api.w.org\/{rel}","templated":true}]}}