{"id":5561,"date":"2016-04-11T14:37:17","date_gmt":"2016-04-11T14:37:17","guid":{"rendered":"http:\/\/acapps.org\/newsite\/?page_id=5561"},"modified":"2018-01-08T10:42:51","modified_gmt":"2018-01-08T10:42:51","slug":"prevencio-i-deteccio-precoc","status":"publish","type":"page","link":"https:\/\/acapps.org\/web\/prevencio-i-deteccio-precoc\/","title":{"rendered":"Prevenci\u00f3 i detecci\u00f3 preco\u00e7"},"content":{"rendered":"<h4><span style=\"color: #de8909; font-family: Arial, Helvetica, sans-serif;\"><b><span style=\"font-size: large;\">DETECCI\u00d3 PRECO\u00c7 DE LA SORDESA<\/span><\/b><\/span><\/h4>\n<dl class=\"llistats\">\n<dd><span style=\"font-family: Arial, Helvetica, sans-serif; color: #de8909;\"><b>El cribratge auditiu universal, el diagn\u00f2stic i el tractament de la hipoc\u00fasia<\/b><\/span><\/dd>\n<dd><span style=\"font-family: Arial, Helvetica, sans-serif;\">A Catalunya, tant a les maternitats p\u00fabliques com a les privades, es fa la prova del cribratge auditiu universal a tots els nounats abans de l&#8217;alta hospital\u00e0ria.\u00a0 La prova utilitzada per al cribratge s\u00f3n els\u00a0potencials auditius evocats de tronc cerebral automatizats (PEATC-A). Una t\u00e8cnica objectiva que registra l&#8217;activitat el\u00e8ctrica del nervi auditiu i de la via auditiva fins al tronc cerebral, mitjan\u00e7ant uns electr\u00f2des que es col\u00b7loquen a la pell del nad\u00f3. <\/span><\/dd>\n<dd><\/dd>\n<dd><span style=\"font-family: Arial, Helvetica, sans-serif;\">En cas que el resultat d&#8217;aquesta primera prova sigui positiu, es cita a la fam\u00edlia per una segona prova abans del primer mes de vida. Si aquesta segona prova tam,b\u00e9 resulta positiva, la fam\u00edlia \u00e9s derivada a la Unitat de Refer\u00e8ncia de la Hipoac\u00fasia (URH) per a l&#8217;estudi cl\u00ednic i la confirmaci\u00f3 del diagn\u00f2stic com a m\u00e0xim als tres mesos de vida. <\/span><\/dd>\n<dd><\/dd>\n<dd><span style=\"font-family: Arial, Helvetica, sans-serif;\">Abans dels 6 mesos, s&#8217;inicia el tractament, tant medicoquir\u00fargic com prot\u00e8tic (implants coclears i\/o audi\u00f2fons), com d&#8217;intervenci\u00f3 logop\u00e8dica. La URH deriva, seguint els circuits establerts en el Protocol, l&#8217;infant al CREDA de la zona. Els CREDA estan formats per un equip multidisciplinar integrat per psicopedagogs, logopedes i audioprotesistes.<\/span><\/dd>\n<\/dl>\n<dl class=\"llistats\">\n<dd><\/dd>\n<\/dl>\n<dl class=\"llistats\">\n<dd><span style=\"font-family: Arial, Helvetica, sans-serif; color: #de8909;\"><b>Com detectar que el nostre fill\/a \u00e9s sord\/a?<\/b><\/span><\/dd>\n<dd><span style=\"font-family: Arial, Helvetica, sans-serif;\">Les persones amb sordesa tenen una discapacitat per escoltar, amb les conseq\u00fcents dificultats per accedir a la informaci\u00f3 i desenvolupar el llenguatge oral.<\/span><\/dd>\n<dd><span style=\"font-family: Arial, Helvetica, sans-serif;\">Per aix\u00f2 \u00e9s de vital import\u00e0ncia consultar al metge\/ssa o al otorinolaring\u00f2leg\/a si es sospita que un infant no hi sent. Algunes indicacions per detectar-ho, en funci\u00f3 de l\u2019edat del nostre fill\/a, s\u00f3n:<\/span><\/dd>\n<\/dl>\n<dl class=\"llistats\">\n<dt><span style=\"font-family: Arial, Helvetica, sans-serif;\"><b>De 0 a 12 mesos:<\/b><\/span><\/dt>\n<dd><span style=\"font-family: Arial, Helvetica, sans-serif;\">El nad\u00f3 \u00e9s massa tranquil<\/span><\/dd>\n<dd><span style=\"font-family: Arial, Helvetica, sans-serif;\">No gira el cap ni fa cap moviment quan es produeix un soroll<\/span><\/dd>\n<dd><span style=\"font-family: Arial, Helvetica, sans-serif;\">No es tranquil\u00b7litza amb la veu<\/span><\/dd>\n<\/dl>\n<p>&nbsp;<\/p>\n<dl class=\"llistats\">\n<dt><span style=\"font-family: Arial, Helvetica, sans-serif;\"><b>De 12 a 24 mesos:<\/b><\/span><\/dt>\n<dd><span style=\"font-family: Arial, Helvetica, sans-serif;\">No respon a ordres simples<\/span><\/dd>\n<dd><span style=\"font-family: Arial, Helvetica, sans-serif;\">No localitza la font del so<\/span><\/dd>\n<dd><span style=\"font-family: Arial, Helvetica, sans-serif;\">No diu \u201cpapa\u201d o \u201cmama\u201d amb sentit<\/span><\/dd>\n<dd><span style=\"font-family: Arial, Helvetica, sans-serif;\">No identifica el seu nom<\/span><\/dd>\n<dd><span style=\"font-family: Arial, Helvetica, sans-serif;\">No fa frases de dues paraules<\/span><\/dd>\n<\/dl>\n<p>&nbsp;<\/p>\n<dl class=\"llistats\">\n<dt><b><span style=\"font-family: Arial, Helvetica, sans-serif;\">De 2 a 4 anys:<\/span><\/b><\/dt>\n<dd><span style=\"font-family: Arial, Helvetica, sans-serif;\">No s\u2019entenen les paraules que diu<\/span><\/dd>\n<dd><span style=\"font-family: Arial, Helvetica, sans-serif;\">No contesta a preguntes senzilles<\/span><\/dd>\n<dd><span style=\"font-family: Arial, Helvetica, sans-serif;\">No repeteix frases<\/span><\/dd>\n<dd><span style=\"font-family: Arial, Helvetica, sans-serif;\">\u00c9s un infant dispers, no segueix el ritme de la classe<\/span><\/dd>\n<\/dl>\n<h4><\/h4>\n<h4><span style=\"color: #de8909; font-family: Arial, Helvetica, sans-serif; font-size: medium;\"><b><span style=\"font-size: large;\">Prevenci\u00f3 de la hipoac\u00fasia<\/span><\/b><\/span><\/h4>\n<p><b><span style=\"color: #333399; font-family: Arial, Helvetica, sans-serif; font-size: medium;\"><span style=\"color: #de8909;\">M<\/span><span style=\"font-size: small;\"><span style=\"color: #de8909;\">edicaments otot\u00f2xics.<\/span>\u00a0<\/span><\/span><\/b><span style=\"font-family: Arial, Helvetica, sans-serif; font-size: small;\">Quan un persona pateix una p\u00e8rdua d\u2019audici\u00f3 o t\u00e9 risc de patir-la per motius gen\u00e8tics o ambientals, cal tenir en compte que existeixen una s\u00e8rie de medicaments que poden agreujar la p\u00e8rdua auditiva. S\u00f3n els medicaments otot\u00f2xics. Cal preguntar a l\u2019especialista quins s\u00f3n els medicaments que poden comportar la p\u00e8rdua d\u2019audici\u00f3.<\/span><\/p>\n<p><span style=\"color: #de8909; font-family: Arial, Helvetica, sans-serif; font-size: small;\"><b>Higiene auditiva.\u00a0<\/b><\/span><span style=\"font-family: Arial, Helvetica, sans-serif; font-size: small;\">Per mantenir el sistema d\u2019audici\u00f3 en bon estat es poden seguir una s\u00e8rie de consells com son:<\/span><span style=\"font-family: Arial, Helvetica, sans-serif; font-size: small;\">En el cas de nens i nenes petits, cal vigilar l\u2019\u00fas de bastonets de cot\u00f3. L\u2019ha de fer sempre una persona adulta i, en cas de dubte, consultar amb l\u2019especialista.<\/span><span style=\"font-family: Arial, Helvetica, sans-serif; font-size: small;\">\u00c9s convenient utitlitzar taps per banyar-se a la piscina.<\/span><span style=\"font-family: Arial, Helvetica, sans-serif; font-size: small;\">En cas de previsi\u00f3 de sorolls molt forts a prop de l\u2019o\u00efda (com petards, ambul\u00e0ncies, etc\u00e8tera) cal tapar-se les o\u00efdes amb els dits i obrir la boca perqu\u00e8 l\u2019energia del soroll pugui sortir.<\/span><span style=\"font-family: Arial, Helvetica, sans-serif; font-size: small;\">Cal fer revisions peri\u00f2diques per vigilar la formaci\u00f3 de taps de cera.<\/span><\/p>\n<p><span style=\"color: #de8909; font-family: Arial, Helvetica, sans-serif; font-size: small;\"><b>Contaminaci\u00f3 ac\u00fastica. <\/b><\/span><span style=\"font-family: Arial, Helvetica, sans-serif; font-size: small;\">\u00a0En el cas d&#8217;ambients de treball o en la manipulaci\u00f3 d&#8217;eines que produeixin molt soroll cal portar una protecci\u00f3 a les o\u00efdes. <\/span><span style=\"font-family: Arial, Helvetica, sans-serif; font-size: small;\">Cal vigilar l&#8217;\u00fas de reproductors de m\u00fasica: el nivell de so no ha de superar el 60% del volum total de l&#8217;aparell i, en general, c<\/span><span style=\"font-family: Arial, Helvetica, sans-serif; font-size: small;\">al procurar no exposar-se durant per\u00edodes llargs de temps a sorolls elevats.\u00a0<\/span><\/p>\n","protected":false},"excerpt":{"rendered":"<p>DETECCI\u00d3 PRECO\u00c7 DE LA SORDESA El cribratge auditiu universal, el diagn\u00f2stic i el tractament de la hipoc\u00fasia A Catalunya, tant a les maternitats p\u00fabliques com a les privades, es fa la prova del cribratge auditiu universal a tots els nounats abans de l&#8217;alta hospital\u00e0ria.\u00a0 La prova utilitzada per al cribratge s\u00f3n els\u00a0potencials auditius evocats de tronc cerebral automatizats (PEATC-A). Una t\u00e8cnica objectiva que registra l&#8217;activitat&#8230; <\/p>\n<p><a class=\"readmore\" href=\"https:\/\/acapps.org\/web\/prevencio-i-deteccio-precoc\/\">LLEGIR M\u00c9S<\/a><\/p>\n","protected":false},"author":1,"featured_media":0,"parent":0,"menu_order":0,"comment_status":"closed","ping_status":"closed","template":"","meta":{"footnotes":""},"_links":{"self":[{"href":"https:\/\/acapps.org\/web\/wp-json\/wp\/v2\/pages\/5561"}],"collection":[{"href":"https:\/\/acapps.org\/web\/wp-json\/wp\/v2\/pages"}],"about":[{"href":"https:\/\/acapps.org\/web\/wp-json\/wp\/v2\/types\/page"}],"author":[{"embeddable":true,"href":"https:\/\/acapps.org\/web\/wp-json\/wp\/v2\/users\/1"}],"replies":[{"embeddable":true,"href":"https:\/\/acapps.org\/web\/wp-json\/wp\/v2\/comments?post=5561"}],"version-history":[{"count":3,"href":"https:\/\/acapps.org\/web\/wp-json\/wp\/v2\/pages\/5561\/revisions"}],"predecessor-version":[{"id":6264,"href":"https:\/\/acapps.org\/web\/wp-json\/wp\/v2\/pages\/5561\/revisions\/6264"}],"wp:attachment":[{"href":"https:\/\/acapps.org\/web\/wp-json\/wp\/v2\/media?parent=5561"}],"curies":[{"name":"wp","href":"https:\/\/api.w.org\/{rel}","templated":true}]}}