{"id":5833,"date":"2016-04-18T18:51:34","date_gmt":"2016-04-18T18:51:34","guid":{"rendered":"http:\/\/acapps.org\/newsite\/?page_id=5833"},"modified":"2020-11-18T07:27:15","modified_gmt":"2020-11-18T07:27:15","slug":"servei-insercio-laboral","status":"publish","type":"page","link":"https:\/\/acapps.org\/web\/servei-insercio-laboral\/","title":{"rendered":"Servei Inserci\u00f3 Laboral"},"content":{"rendered":"[vc_row][vc_column]<div class=\"w-divider3\"><h3><span class=\"spb\"><span class=\"spl\">QU\u00c8<\/span><span class=\"colorb spr\" style=\"background-color:#dd9933\">FEM?<\/span><\/span><span class=\"spln\"><\/span><\/h3><\/div>[vc_column_text]El Servei d&#8217;Inserci\u00f3 Laboral t\u00e9 com a finalitat fomentar la igualtat d&#8217;oportunitats per a l&#8217;acc\u00e9s al treball de les persones amb discapacitat auditiva. L&#8217;equip de professionals ofereix a les persones usu\u00e0ries un servei d&#8217;assessorament i orientaci\u00f3 personalitzat, aix\u00ed com un seguiment i suport durant tot el proc\u00e9s d&#8217;inserci\u00f3 laboral.<\/p>\n<p>Si ets una persona sorda i est\u00e0s buscant feina, el Servei d\u2019Inserci\u00f3 Laboral t\u2019ajudar\u00e0 a trobar-ne\u2019n.[\/vc_column_text][vc_row_inner][vc_column_inner]<div class=\"w-divider3\"><h3><span class=\"spb\"><span class=\"spl\">QU\u00c8<\/span><span class=\"colorb spr\" style=\"background-color:#dd9933\">T'OFERIM?<\/span><\/span><span class=\"spln\"><\/span><\/h3><\/div><ul class=\"arrow2\" ><li class=\"\">T\u2019ajudarem a fer el teu curr\u00edculum vitae i la carta de presentaci\u00f3 a l\u2019empresa<\/li>\n<li class=\"\">T\u2019ajudarem a afrontar l&#8217;entrevista de feina<\/li>\n<li class=\"\">T\u2019ensenyarem com buscar feina utilitzant diferents recursos i canals<\/li>\n<li class=\"\">T\u2019assessorarem en la teva formaci\u00f3 per poder aconseguir un millor lloc de treball<\/li>\n<li class=\"\">Formar\u00e0s part de la bossa de treball d\u2019ACAPPS<\/li>\n<li class=\"\">Estarem al teu costat en el proc\u00e9s d\u2019inserci\u00f3<\/li>\n<li class=\"\">Farem un seguiment de la teva inserci\u00f3 a l\u2019empresa<\/li><\/ul>[vc_column_text]El nostre servei est\u00e0 format per un equip de t\u00e8cnics\/ques en inserci\u00f3 laboral especialitzats\/des en integraci\u00f3 laboral de persones sordes, en barreres de comunicaci\u00f3 i en els mitjans per eliminar-les i\/o minimitzar-les, tant en situacions laborals com de formaci\u00f3.<br \/>\n<a href=\"http:\/\/www.acapps.org\/web\/noticia\/293\/el-servei-d-insercio-laboral-d-acapps-esdeve-agencia-de-col-locacio\">ACAPPS \u00e9s Ag\u00e8ncia de Col\u00b7locaci\u00f3 del Servei d&#8217;Ocupaci\u00f3 de Catalunya n\u00fam. 0900000043. Informa-te&#8217;n!<\/a>[\/vc_column_text]<div class=\"w-divider3\"><h3><span class=\"spb\"><span class=\"spl\">CONTACTA<\/span><span class=\"colorb spr\" style=\"background-color:#dd9933\">AMB EL SERVEI D'INSERCI\u00d3 LABORAL<\/span><\/span><span class=\"spln\"><\/span><\/h3><\/div>[vc_column_text]El nostre equip de professionals en inserci\u00f3 laboral confia en les teves possibilitats, t\u2019ajudar\u00e0 a potenciar les teves habilitats i t\u2019orientar\u00e0 en el desenvolupament de la teva carrera professional.<\/p>\n<p><strong>Les persones que busqueu FEINA<\/strong>, podeu contactar amb l&#8217;equip d&#8217;Orientadors\/es laborals:<\/p>\n<p><strong><a href=\"mailto:laboral1@acapps.org\">laboral@acapps.org<\/a>\u00a0 \u00a0 \u00a0 tel. 93 210 55 30\u00a0 whatsapp 600 401\u00a0 631<\/strong><\/p>\n<p>&nbsp;<\/p>\n<p><strong>Les EMPRESES que busqueu professionals,<\/strong> podeu contactar amb l&#8217;equip de prospectors\/es laborals:<\/p>\n<p><strong><a href=\"empreses@acapps.org\">empreses@acapps.org<\/a>\u00a0 \u00a0 \u00a0 tel. 93 210 55 30\u00a0 whatsapp 607 036\u00a0 886<\/strong><\/p>\n<p>&nbsp;<\/p>\n<p>&nbsp;[\/vc_column_text][vc_cta h2=&#8221;Documents que t&#8217;interessen!&#8221; color=&#8221;orange&#8221;]<a href=\"http:\/\/acapps.org\/web\/wp-content\/uploads\/2018\/01\/D\u00edptic-SAES.pdf\" target=\"_blank\" rel=\"noopener noreferrer\">Estem treballant. La sordesa no \u00e9s un obstacle<\/a>[\/vc_cta]<div class=\"w-divider3\"><h3><span class=\"spb\"><span class=\"spl\">PROJECTES I PROGRAMES<\/span><span class=\"colorb spr\" style=\"background-color:#dd9933\">FINAN\u00c7AMENT<\/span><\/span><span class=\"spln\"><\/span><\/h3><\/div>[vc_column_text]\n<h3>\u00c0REA INSERCI\u00d3 LABORAL<\/h3>\n[\/vc_column_text][vc_single_image image=&#8221;6425&#8243; img_size=&#8221;medium&#8221;][vc_single_image image=&#8221;5871&#8243; img_size=&#8221;medium&#8221;][vc_column_text]\n<h5><\/h5>\n<h5><strong><span style=\"color: #ff9900;\">Amb el Programa SIOAS.<\/span><\/strong> Programa Integral d&#8217;Orientaci\u00f3, Acompanyament i Suport a la inserci\u00f3 de persones amb discapacitat auditiva. Gr\u00e0cies a aquest projecte, orientem i acompanyem la inserci\u00f3 de persones sordes i els oferim formaci\u00f3 en compet\u00e8ncies transversals requerides per a cada ocupaci\u00f3.<\/h5>\n[\/vc_column_text][vc_separator color=&#8221;orange&#8221;][vc_single_image image=&#8221;6117&#8243; img_size=&#8221;medium&#8221;][vc_column_text]\n<h5><\/h5>\n<h5><strong><span style=\"color: #ff9900;\">Amb el Programa Incorpora.<\/span> <\/strong>Per 14\u00e8 any consecutiu formem part del Programa Incorpora de l&#8217;Obra Social &#8220;la Caixa&#8221; per a la inserci\u00f3 laboral de les persones sordes a l&#8217;empresa ordin\u00e0ria.<\/h5>\n[\/vc_column_text][vc_separator color=&#8221;orange&#8221;][vc_single_image image=&#8221;6780&#8243; img_size=&#8221;medium&#8221;][vc_single_image image=&#8221;5998&#8243; img_size=&#8221;medium&#8221;][vc_column_text]\n<h5><strong><span style=\"color: #ff9900;\">Amb la Xarxa d&#8217;Inserci\u00f3 Laboral de Barcelona.<\/span><\/strong> Aquest projecte \u00e9s fruit de la col\u00b7laboraci\u00f3 de l&#8217;Ajuntament de Barcelona -a trav\u00e9s de l&#8217;Institut Municipal de Persones amb Discapacitat- i les principals entitats de persones amb discapacitat i\/o trastorns de salut mental de la ciutat. Gr\u00e0cies al treball en xarxa, es treballa per a la creaci\u00f3 d&#8217;un model d&#8217;inserci\u00f3 laboral a l&#8217;empresa ordin\u00e0ria. Des d&#8217;ACAPPS hi treballem per donar resposta a la necessitat de les persones sordes de Barcelona que necessiten d&#8217;un acompanyament individualitzat per aconseguir el seu objectiu professional.<\/h5>\n[\/vc_column_text][vc_separator color=&#8221;orange&#8221;][vc_single_image image=&#8221;6125&#8243; img_size=&#8221;medium&#8221;][vc_single_image image=&#8221;5747&#8243; img_size=&#8221;medium&#8221;][vc_column_text]\n<h5><strong><span style=\"color: #ff9900;\">Programa Accions d&#8217;orientaci\u00f3, suport i acompanyament a la inserci\u00f3 laboral per a persones sordes.<\/span><\/strong>\u00a0Orientem a les persones usu\u00e0ries del servei per millorar el seu posicionament en la recerca de feina i les acompanyem en el proc\u00e9s de canvi d&#8217;una professi\u00f3, formaci\u00f3 o projecte de vida laboral. Sensibilitzem al teixit empresarial sobre les capacitats del col\u00b7lectiu, eliminant les barreres de comunicaci\u00f3 que obstaculitzin l&#8217;acc\u00e9s al treball i acompanyant a la persona en la transici\u00f3 de la formaci\u00f3 al mercat laboral, especialment en el cas dels i de les joves.<\/h5>\n[\/vc_column_text][vc_separator color=&#8221;orange&#8221;][vc_single_image image=&#8221;6426&#8243; img_size=&#8221;medium&#8221;][vc_column_text]\n<h5><\/h5>\n<h5><span style=\"color: #ff9900;\"><strong>Programa Suport a les Universitats.\u00a0<\/strong><span style=\"color: #000000;\">Des del 1993, ACAPPS treballa per millorar l&#8217;accessibilitat dels i de les joves estudiants a les universitats catalanes. L&#8217;objectiu \u00e9s millorar seu pas per la universitat garantint la igualtat en l&#8217;acc\u00e9s a la informaci\u00f3 i formaci\u00f3 i millorar el coneixement sobre les mesures d&#8217;accessibilitat que les universitats ofereixen.<\/span><\/span><\/h5>\n[\/vc_column_text][vc_separator color=&#8221;orange&#8221;][vc_single_image image=&#8221;9326&#8243; img_size=&#8221;medium&#8221;][\/vc_column_inner][\/vc_row_inner][vc_column_text]\n<h5><span style=\"color: #ff9900;\"><strong>Programa de Subtitulaci\u00f3 de v\u00eddeos en catal\u00e0 per millorar l&#8217;ocupabilitat de les persones amb sordesa.\u00a0 <\/strong><span style=\"color: #000000;\">Amb aquest projecte subtitulem recursos audiovisuals de l&#8217;\u00e0mbit laboral propis de l&#8217;entitat i de les empreses col\u00b7laboradores que formen part de la Xarxa d&#8217;Empreses Compromeses d&#8217;ACAPPS. Volem complir un doble objectiu: <\/span><\/span><\/h5>\n<h5><strong>Promoci\u00f3 de la subtitulaci\u00f3 i l&#8217;accessibilitat en catal\u00e0:<\/strong> Generem recursos audiovisuals en catal\u00e0 amb subt\u00edtols per a la formaci\u00f3 i acompanyament en la recerca de feina i la millora de l\u2019ocupabilitat de les persones amb sordesa.<\/h5>\n<h5><strong>Promoci\u00f3 de la inclusi\u00f3 laboral de persones amb discapacitat auditiva: <\/strong>Oferim suport a les empreses que incorporen persones amb sordesa en la seva plantilla subtitulant en catal\u00e0 els seus v\u00eddeos corporatius, de formaci\u00f3, sobre protocols interns, etc.<\/h5>\n<h5><\/h5>\n[\/vc_column_text][\/vc_column][\/vc_row][vc_row][vc_column]<div class=\"max-title2\"><h2>El Servei d&#8217;Inserci\u00f3 Laboral \u00e9s possible gr\u00e0cies a la col\u00b7laboraci\u00f3 de:<\/h2><\/div><div class=\"aligncenter\"><hr class=\"vertical-space1\"><div class=\"col-md-12 our-clients-wrap \"><ul id=\"our-clients\" class=\"our-clients \"><li><img decoding=\"async\" alt=\"\" src=\"https:\/\/acapps.org\/web\/wp-content\/uploads\/2016\/04\/treball_h3-1.jpg\"\/><\/li><li><img decoding=\"async\" alt=\"\" src=\"https:\/\/acapps.org\/web\/wp-content\/uploads\/2020\/11\/cultura_h3.jpg\"\/><\/li><li><img decoding=\"async\" alt=\"\" src=\"https:\/\/acapps.org\/web\/wp-content\/uploads\/2016\/04\/fons-europeu.jpg\"\/><\/li><li><img decoding=\"async\" alt=\"\" src=\"https:\/\/acapps.org\/web\/wp-content\/uploads\/2016\/04\/la-caixa.jpg\"\/><\/li><li><img decoding=\"async\" alt=\"\" src=\"https:\/\/acapps.org\/web\/wp-content\/uploads\/2016\/04\/ayuntamiento-barcelona-logo-vector.jpg\"\/><\/li><li><img decoding=\"async\" alt=\"\" src=\"https:\/\/acapps.org\/web\/wp-content\/uploads\/2016\/04\/once-1.jpg\"\/><\/li><li><img decoding=\"async\" alt=\"\" src=\"https:\/\/acapps.org\/web\/wp-content\/uploads\/2015\/03\/FIAPAS_logo.jpg\"\/><\/li><\/ul><\/div><hr class=\"vertical-space2\"><\/div>[\/vc_column][\/vc_row][vc_row][vc_column]<div class=\"max-title2\"><h2>Som membres de:<\/h2><\/div><div class=\"aligncenter\"><hr class=\"vertical-space1\"><div class=\"col-md-12 our-clients-wrap \"><ul id=\"our-clients\" class=\"our-clients \"><li><img decoding=\"async\" alt=\"\" src=\"https:\/\/acapps.org\/web\/wp-content\/uploads\/2016\/04\/fiapas-1.jpg\"\/><\/li><li><img decoding=\"async\" alt=\"\" src=\"https:\/\/acapps.org\/web\/wp-content\/uploads\/2016\/04\/xarxa-1.jpg\"\/><\/li><li><img decoding=\"async\" alt=\"\" src=\"https:\/\/acapps.org\/web\/wp-content\/uploads\/2016\/04\/cocarmi.jpg\"\/><\/li><\/ul><\/div><hr class=\"vertical-space2\"><\/div><div class=\"max-title2\"><h2>Les nostres empreses amigues!<\/h2><\/div><div class=\"aligncenter\"><hr class=\"vertical-space1\"><div class=\"col-md-12 our-clients-wrap crsl\"><ul id=\"our-clients\" class=\"our-clients crsl\"><li><img decoding=\"async\" alt=\"\" src=\"https:\/\/acapps.org\/web\/wp-content\/uploads\/2018\/07\/rousaud_logo.jpg\"\/><\/li><li><img decoding=\"async\" alt=\"\" src=\"https:\/\/acapps.org\/web\/wp-content\/uploads\/2018\/07\/ROEX.jpg\"\/><\/li><li><img decoding=\"async\" alt=\"\" src=\"https:\/\/acapps.org\/web\/wp-content\/uploads\/2018\/07\/logo-fundacio-joia.jpg\"\/><\/li><li><img decoding=\"async\" alt=\"\" src=\"https:\/\/acapps.org\/web\/wp-content\/uploads\/2018\/07\/logo_isom.jpg\"\/><\/li><li><img decoding=\"async\" alt=\"\" src=\"https:\/\/acapps.org\/web\/wp-content\/uploads\/2018\/07\/laie_logo.png\"\/><\/li><li><img decoding=\"async\" alt=\"\" src=\"https:\/\/acapps.org\/web\/wp-content\/uploads\/2018\/07\/la_carmanyola_logo-1.jpg\"\/><\/li><li><img decoding=\"async\" alt=\"\" src=\"https:\/\/acapps.org\/web\/wp-content\/uploads\/2018\/07\/jesu\u00eftes_logo.png\"\/><\/li><li><img decoding=\"async\" alt=\"\" src=\"https:\/\/acapps.org\/web\/wp-content\/uploads\/2018\/07\/froca_logo.png\"\/><\/li><li><img decoding=\"async\" alt=\"\" src=\"https:\/\/acapps.org\/web\/wp-content\/uploads\/2018\/07\/esintel_logo.jpg\"\/><\/li><li><img decoding=\"async\" alt=\"\" src=\"https:\/\/acapps.org\/web\/wp-content\/uploads\/2018\/07\/alcampo_logo.png\"\/><\/li><li><img decoding=\"async\" alt=\"\" src=\"https:\/\/acapps.org\/web\/wp-content\/uploads\/2018\/07\/2000px-Volkswagen_Logo_till_1995.svg.png\"\/><\/li><li><img decoding=\"async\" alt=\"\" src=\"https:\/\/acapps.org\/web\/wp-content\/uploads\/2018\/07\/2000px-Louis_Vuitton_Logo.svg.png\"\/><\/li><li><img decoding=\"async\" alt=\"\" src=\"https:\/\/acapps.org\/web\/wp-content\/uploads\/2018\/07\/ymca.jpg\"\/><\/li><li><img decoding=\"async\" alt=\"\" src=\"https:\/\/acapps.org\/web\/wp-content\/uploads\/2018\/07\/tunstall_televida.jpg\"\/><\/li><li><img decoding=\"async\" alt=\"\" src=\"https:\/\/acapps.org\/web\/wp-content\/uploads\/2018\/07\/hospital_nens.png\"\/><\/li><li><img decoding=\"async\" alt=\"\" src=\"https:\/\/acapps.org\/web\/wp-content\/uploads\/2018\/07\/senfer_limpiezas_logos.png\"\/><\/li><li><img decoding=\"async\" alt=\"\" src=\"https:\/\/acapps.org\/web\/wp-content\/uploads\/2018\/07\/fundaci\u00f3n_adecco.png\"\/><\/li><li><img decoding=\"async\" alt=\"\" src=\"https:\/\/acapps.org\/web\/wp-content\/uploads\/2018\/07\/construcia_logo.jpg\"\/><\/li><li><img decoding=\"async\" alt=\"\" src=\"https:\/\/acapps.org\/web\/wp-content\/uploads\/2018\/07\/club_nataci\u00f3_terrassa.jpg\"\/><\/li><li><img decoding=\"async\" alt=\"\" src=\"https:\/\/acapps.org\/web\/wp-content\/uploads\/2018\/07\/cear_logo.png\"\/><\/li><li><img decoding=\"async\" alt=\"\" src=\"https:\/\/acapps.org\/web\/wp-content\/uploads\/2018\/07\/bayer_logo.png\"\/><\/li><\/ul><\/div><hr class=\"vertical-space2\"><\/div>[\/vc_column][\/vc_row]\n","protected":false},"excerpt":{"rendered":"<p>[vc_row][vc_column][vc_column_text]El Servei d&#8217;Inserci\u00f3 Laboral t\u00e9 com a finalitat fomentar la igualtat d&#8217;oportunitats per a l&#8217;acc\u00e9s al treball de les persones amb discapacitat auditiva. L&#8217;equip de professionals ofereix a les persones usu\u00e0ries un servei d&#8217;assessorament i orientaci\u00f3 personalitzat, aix\u00ed com un seguiment i suport durant tot el proc\u00e9s d&#8217;inserci\u00f3 laboral. Si ets una persona sorda i est\u00e0s buscant feina, el Servei d\u2019Inserci\u00f3 Laboral t\u2019ajudar\u00e0 a trobar-ne\u2019n.[\/vc_column_text][vc_row_inner][vc_column_inner][vc_column_text]El&#8230; <\/p>\n<p><a class=\"readmore\" href=\"https:\/\/acapps.org\/web\/servei-insercio-laboral\/\">LLEGIR M\u00c9S<\/a><\/p>\n","protected":false},"author":1,"featured_media":0,"parent":0,"menu_order":0,"comment_status":"closed","ping_status":"closed","template":"","meta":{"footnotes":""},"_links":{"self":[{"href":"https:\/\/acapps.org\/web\/wp-json\/wp\/v2\/pages\/5833"}],"collection":[{"href":"https:\/\/acapps.org\/web\/wp-json\/wp\/v2\/pages"}],"about":[{"href":"https:\/\/acapps.org\/web\/wp-json\/wp\/v2\/types\/page"}],"author":[{"embeddable":true,"href":"https:\/\/acapps.org\/web\/wp-json\/wp\/v2\/users\/1"}],"replies":[{"embeddable":true,"href":"https:\/\/acapps.org\/web\/wp-json\/wp\/v2\/comments?post=5833"}],"version-history":[{"count":94,"href":"https:\/\/acapps.org\/web\/wp-json\/wp\/v2\/pages\/5833\/revisions"}],"predecessor-version":[{"id":9329,"href":"https:\/\/acapps.org\/web\/wp-json\/wp\/v2\/pages\/5833\/revisions\/9329"}],"wp:attachment":[{"href":"https:\/\/acapps.org\/web\/wp-json\/wp\/v2\/media?parent=5833"}],"curies":[{"name":"wp","href":"https:\/\/api.w.org\/{rel}","templated":true}]}}