{"id":9748,"date":"2021-02-25T13:45:50","date_gmt":"2021-02-25T13:45:50","guid":{"rendered":"https:\/\/acapps.org\/web\/?page_id=9748"},"modified":"2021-06-18T09:19:02","modified_gmt":"2021-06-18T09:19:02","slug":"persones-amb-sordesa","status":"publish","type":"page","link":"https:\/\/acapps.org\/web\/persones-amb-sordesa\/","title":{"rendered":"Persones amb sordesa"},"content":{"rendered":"[vc_row][vc_column][vc_column_text]<p><\/p>\n<h3>Hola i benvingut\/da a ACAPPS!<\/h3>\n<p>&nbsp;<\/p>\n<h5><\/h5>\n<h5><\/h5>\n<h4><strong>En aquest espai et volem explicar QU\u00c8 t\u2019oferim, des de l\u2019associaci\u00f3 ACAPPS.<\/strong><\/h4>\n<h5><\/h5>\n<h5><\/h5>\n<h5>La nostra entitat fa m\u00e9s de 25 anys que treballa per a i amb les persones amb sordesa. Potser tu has nascut amb sordesa (sordesa prelocutiva) o potser \u00e9rets oient i, a causa d&#8217;una malaltia, un medicament, l&#8217;edat o altres factors, has perdut o est\u00e0s perdent audici\u00f3 (sordesa postlocutiva). Sigui quin sigui el teu cas, a ACAPPS segur que trobes el teu espai, ja que atenem i tenim programes i activitats per a totes les persones amb sordesa i per a totes les edats!. T\u2019ho expliquem i, si et quedes amb qualsevol dubte, et convidem a con\u00e8ixer-nos!<\/h5>\n<p><\/p>\n<p><\/p>\n<p><\/p>\n<p><\/p>\n<p><\/p>\n<p><\/p>\n<p><\/p>\n<p><\/p>\n<p><\/p>\n<p><\/p>\n<p><\/p>[\/vc_column_text][vc_single_image image=&#8221;9754&#8243; img_size=&#8221;FULL&#8221;][vc_single_image image=&#8221;9754&#8243; img_size=&#8221;full&#8221;][vc_column_text]<p class=\"has-text-color\" style=\"color: #04284e; font-size: 24px;\"><a href=\"https:\/\/acapps.org\/web\/acompanyament-en-la-recerca-de-feina\/\"><strong>ACOMPANYAMENT <\/strong>en la recerca de feina<\/a><\/p>\n<p><!-- \/wp:paragraph --><\/p>\n<p><!-- wp:paragraph {\"customTextColor\":\"#0d0e0e\"} --><\/p>\n<h5 class=\"has-text-color\" style=\"color: #0d0e0e;\">Multiplicar les possibilitats per trobar feina. Si tens sordesa i est\u00e0s buscant feina, el Servei d&#8217;Inserci\u00f3 Laboral d&#8217;ACAPPS et pot donar un cop de m\u00e0. Sabem que buscar feina no \u00e9s f\u00e0cil: nosaltres <strong>t&#8217;acompanyem en el proc\u00e9s, t&#8217;orientem i t&#8217;oferim eines i recursos perqu\u00e8 trobis un lloc de feina estable i de qualitat<\/strong> d&#8217;acord amb els teus interessos i capacitat <a href=\"https:\/\/acapps.org\/web\/acompanyament-en-la-recerca-de-feina\/\">(<strong>+ Vull saber-ne m\u00e9s<\/strong>)<\/a><\/h5>\n<p>&nbsp;<\/p>[\/vc_column_text][vc_single_image image=&#8221;9812&#8243; img_size=&#8221;full&#8221;][vc_column_text]<p class=\"has-text-color\" style=\"color: #04284e; font-size: 24px;\"><strong>ORIENTACI\u00d3 ACAD\u00c8MICA <\/strong>i formativa\u00a0<\/p>\n<p><!-- \/wp:paragraph --><\/p>\n<p><!-- wp:paragraph {\"customTextColor\":\"#0d0e0e\"} --><\/p>\n<h5 class=\"has-text-color\" style=\"color: #0d0e0e;\">La formaci\u00f3 \u00e9s clau per poder aconseguir un lloc de feina estable i de qualitat, sigui quina sigui la professi\u00f3 a la que et vols encaminar. Potser est\u00e0s a punt d&#8217;acabar l&#8217;educaci\u00f3 secund\u00e0ria obligat\u00f2ria i encara no tens clar qu\u00e8 vols fer i cap a on t&#8217;has d&#8217;adre\u00e7ar.\u00a0 \u00c9s un moment de decisi\u00f3 i potser et sents pressionat\/da i desorientat\/da: batxillerat? Cicle formatiu?\u00a0 Nom\u00e9s tu pots prendre aquesta decisi\u00f3, per\u00f2 nosaltres et podem acompanyar en aquest moment i <strong>veure junts totes les possibilitats que tens i quines poden encaixar millor en el que tu vols<\/strong>.\u00a0\u00a0<\/h5>\n<p>&nbsp;<\/p>[\/vc_column_text][vc_single_image image=&#8221;9816&#8243; img_size=&#8221;full&#8221;][vc_column_text]<p class=\"has-text-color\" style=\"color: #04284e; font-size: 24px;\"><a href=\"https:\/\/acapps.org\/web\/acompanyament\/\"><strong>ACOMPANYAMENT<\/strong> i suport a les persones que heu perdut audici\u00f3.\u00a0<\/a><\/p>\n<p><!-- \/wp:paragraph --><\/p>\n<p><!-- wp:paragraph {\"customTextColor\":\"#0d0e0e\"} --><\/p>\n<h5 class=\"has-text-color\" style=\"color: #0d0e0e;\">Perdre l&#8217;audici\u00f3, ja sigui a causa de l&#8217;edat (presbiac\u00fasia) o per altres factors (medicaments, malalties, accidents) \u00e9s un xoc per a la persona que sempre ha estat oient. Parlem de la sordesa postlocutiva. Com davant de qualsevol altra p\u00e8rdua, cal passar per un proc\u00e9s de dol. Cal acceptar la p\u00e8rdua d&#8217;audici\u00f3 i descobrir tamb\u00e9 noves maneres per comunicar-se i saber qu\u00e8 et diuen, com llegir els llavis. Tamb\u00e9 con\u00e8ixer millor les teves pr\u00f2tesis auditives i tots els suports que hi ha, com el bucle magn\u00e8tic, que fan que el so t&#8217;arribi millor al teu audi\u00f2fon i\/o implant coclear.<strong> A ACAPPS trobar\u00e0s acompanyament, suport i orientaci\u00f3 en aquest moment vital<\/strong><a href=\"https:\/\/acapps.org\/web\/acompanyament\/\"> (<strong>+ Vull saber-ne m\u00e9s, clica&#8217;ns<\/strong>)<\/a><\/h5>\n<p>&nbsp;<\/p>[\/vc_column_text][vc_single_image image=&#8221;9829&#8243; img_size=&#8221;large&#8221;][vc_column_text]<p class=\"has-text-color\" style=\"color: #04284e; font-size: 24px;\"><a href=\"https:\/\/acapps.org\/web\/entrenament-auditiu-i-llegir-els-llavis\/\"><strong>LOGOP\u00c8DIA, entrenament auditiu i<\/strong>\u00a0cursos per aprendre a llegir els llavis<\/a><\/p>\n<h5>La nostra associaci\u00f3 tamb\u00e9 ofereix a totes les persones amb sordesa associades a l&#8217;entitat <strong>sessions de logop\u00e8dia i d&#8217;entrenament auditiu cofinan\u00e7ades i cursos per aprendre a llegir els llavis,<\/strong> recomanats per a les persones que han perdut audici\u00f3 i necessiten recuperar la comunicaci\u00f3 amb el seu entorn. Tots els cursos i sessions que oferim a ACAPPS s\u00f3n a c\u00e0rrec de logopedes col\u00b7legiades i especialitzades en sordesa <a href=\"https:\/\/acapps.org\/web\/entrenament-auditiu-i-llegir-els-llavis\/\">(<strong>+ Vull saber-ne m\u00e9s<\/strong>)<\/a><\/h5>\n<p>&nbsp;<\/p>[\/vc_column_text][vc_single_image image=&#8221;9833&#8243; img_size=&#8221;large&#8221;][vc_column_text]<p class=\"has-text-color\" style=\"color: #04284e; font-size: 24px;\"><strong>IMPLANT COCLEAR: <\/strong>assessorament en asseguran\u00e7a i prestacions socials<\/p>\n<h5>La nostra entitat sap la import\u00e0ncia que tenen els implants coclears i tamb\u00e9 el cost que suposen, a nivell de manteniment, de reparacions. D&#8217;una banda som constant en la reivindicaci\u00f3 a l&#8217;administraci\u00f3 p\u00fablica per ampliar la seva cobertura total i sense l\u00edmits d&#8217;edat! De l&#8217;altra, no perdem la vessant pr\u00e0ctica i t&#8217;assessorem de les prestacions socials que hi ha en aquests moments i tamb\u00e9 de les assegurances per a l&#8217;implant coclear, un altre indispensable\u00a0<\/h5>\n<p>&nbsp;<\/p>[\/vc_column_text][vc_single_image image=&#8221;9835&#8243; img_size=&#8221;large&#8221;][vc_column_text]<p class=\"has-text-color\" style=\"color: #04284e; font-size: 24px;\"><a href=\"https:\/\/acapps.org\/web\/grup-de-suport-a-les-persones-amb-sordesa\/\"><strong>GRUP DE SUPORT <\/strong>per a persones amb sordesa\u00a0<\/a><\/p>\n<h5>Com d\u00e8iem, la p\u00e8rdua d&#8217;audici\u00f3 \u00e9s una p\u00e8rdua d&#8217;una part de la nostra vida que ens ha acompanyat sempre. Per aix\u00f2 cal passar per un proc\u00e9s de sol, que ens suposar\u00e0 emocions diverses i que cada persona viu a la seva manera i necessita el seu temps. Tamb\u00e9 implica afrontar una nova realitat: portar pr\u00f2tesis auditives i acceptar-ho com a una millora en la nostra qualitat de vida, aprendre nous recursos com llegir els llavis que ens ajudaran a poder entendre all\u00f2 que ens diuen. I en tota aquesta voragine, sovint el millor saps qu\u00e8 \u00e9s? <strong>con\u00e8ixer persones que han viscut o viuen aquesta mateixa situaci\u00f3 i compartir-ho<\/strong> <a href=\"https:\/\/acapps.org\/web\/grup-de-suport-a-les-persones-amb-sordesa\/\">(<strong>+ Vull saber-ne m\u00e9s<\/strong>)<\/a><\/h5>\n<p>&nbsp;<\/p>[\/vc_column_text][vc_single_image image=&#8221;9838&#8243; img_size=&#8221;large&#8221;][vc_column_text]<p class=\"has-text-color\" style=\"color: #04284e; font-size: 24px;\"><a href=\"https:\/\/acapps.org\/web\/xarxa-dones-amb-sordesa\/\"><strong>XARXA DE DONES <\/strong>amb sordesa\u00a0<\/a><\/p>\n<h5>La Xarxa de Dones amb Sordesa \u00e9s<strong> un grup OBERT de dones diverses i de diferents edats (entre 16 i 80 anys) que tenen en com\u00fa la sordesa. \u00c9s un espai<\/strong> <strong>per escoltar-nos, per explicar-nos i per continuar-nos relacionant\u00a0<\/strong>en uns moments en qu\u00e8 les relacions estan quedant en un segon pla i que, des d\u2019ACAPPS, creiem important continuar cuidant pel nostre benestar emocional.<\/h5>\n<h5><a href=\"https:\/\/acapps.org\/web\/xarxa-dones-amb-sordesa\/\">\u00a0(<strong>+ Vull saber-ne m\u00e9s<\/strong>)<\/a><\/h5>\n<p>&nbsp;<\/p>\n<p class=\"has-text-color\" style=\"color: #04284e; font-size: 24px;\"><a href=\"https:\/\/acapps.org\/web\/xarxa-destudiantat-universitari\/\"><strong>XARXA D&#8217;ESTUDIANTAT UNIVERSITARI <\/strong>amb sordesa\u00a0<\/a><\/p>\n<h5><strong>La Xarxa d\u2019Estudiantat Universitari de l\u2019associaci\u00f3 ACAPPS \u00e9s un grup de suport format per m\u00e9s de 30 estudiants universitaris<\/strong>\u00a0que es donen suport mutu en temes relacionats amb l\u2019accessibilitat a la comunicaci\u00f3 per als\/les estudiants amb sordesa a les universitats catalanes. A trav\u00e9s d\u2019un canal virtual (Google grups) s\u2019organitzen accions, trobades i debats, actualment i degut a la Covid19, en l\u00ednia.<\/h5>\n<h5><a href=\"https:\/\/acapps.org\/web\/xarxa-destudiantat-universitari\/\">\u00a0(<strong>+ Vull saber-ne m\u00e9s, clica&#8217;ns<\/strong>)<\/a><\/h5>[\/vc_column_text][vc_row_inner][vc_column_inner width=&#8221;1\/2&#8243;][vc_column_text]<h3>\u00a0<\/h3>\n<h3>\u00a0<\/h3>\n<h3><strong>SEMPRE INFORMATS\/DES: ELS NOSTRES BUTLLETINS<\/strong><\/h3>\n<h5>Per estar al corrent de les activitats que fem i not\u00edcies relacionades amb l&#8217;\u00e0mbit de la sordesa que t&#8217;interessaran, ens pots seguir per les xarxes socials (estem a facebook, twitter i instagram, @federacioacapps), consultar el nostre web i, a m\u00e9s, editem dos butlletins en l\u00ednia: <em><strong>En moviment<\/strong><\/em>, adre\u00e7at a les fam\u00edlies amb infants amb sordesa amb una selecci\u00f3 d&#8217;informacions espec\u00edfiques per a vosaltres i el<strong> butllet\u00ed <em>Sentim i Parlem<\/em><\/strong>, amb m\u00e9s de 120 n\u00fameros editats, on t&#8217;informem de la nostra acci\u00f3 per defensar els drets de les persones i infants amb sordesa en l&#8217;\u00e0mbit educatiu, laboral, social i cultural i en accessibilitat a la comunicaci\u00f3.\u00a0<\/h5>[\/vc_column_text][\/vc_column_inner][vc_column_inner width=&#8221;1\/2&#8243;][vc_single_image image=&#8221;9736&#8243; img_size=&#8221;full&#8221; onclick=&#8221;custom_link&#8221; img_link_target=&#8221;_blank&#8221; link=&#8221;https:\/\/docs.google.com\/forms\/d\/e\/1FAIpQLSfZGjVEv&#8211;ta2wzyctXiSzG9bIkmOttzqrv6I4ldKUjkpLWVA\/viewform&#8221;][\/vc_column_inner][\/vc_row_inner][vc_row_inner][vc_column_inner][vc_separator][vc_column_text]<h3><strong>ACAPPS, FAM\u00cdLIES I PERSONES AMB SORDESA. SOM LA TEVA ASSOCIACI\u00d3.<\/strong><\/h3>\n<h5><strong>El suport de les persones associades \u00e9s la nostra for\u00e7a com a entitat per treballar en la defensa dels DRETS de les persones amb sordesa que es comuniquen en llengua oral.\u00a0<\/strong><\/h5>\n<h5>Som la \u00fanica entitat a Catalunya que representa el col\u00b7lectiu. I ho fem perqu\u00e8 volem aconseguir la seva inclusi\u00f3, amb autonomia, en l&#8217;eduaci\u00f3, la feina, la cultura i la societat.<\/h5>\n<h5><strong>I volem ser M\u00c9S VEUS: suma-t&#8217;hi!<\/strong><\/h5>\n<ul>\n<li>\n<h5>Com a entitat declarada d&#8217;Utilitat P\u00fablica,<strong> podr\u00e0s desgravar-te en un 80% la quota de soci\/a i els donatius<\/strong> -fins a 150\u20ac- que facis a l&#8217;associaci\u00f3 en l&#8217;exercici de la renda (a partir de 150\u20ac, el 35% i el 40%, el segon any).<\/h5>\n<\/li>\n<\/ul>[\/vc_column_text][\/vc_column_inner][\/vc_row_inner][vc_row_inner][vc_column_inner width=&#8221;2\/3&#8243;][vc_single_image image=&#8221;10112&#8243; img_size=&#8221;full&#8221;][vc_separator][\/vc_column_inner][vc_column_inner width=&#8221;1\/3&#8243;][vc_single_image image=&#8221;10094&#8243; img_size=&#8221;full&#8221; onclick=&#8221;custom_link&#8221; img_link_target=&#8221;_blank&#8221; link=&#8221;https:\/\/docs.google.com\/forms\/d\/e\/1FAIpQLSfN7fNNPFYXrbT3oe-Sa5YLku0njiK1PmGETY_0t56hb5HaQw\/viewform&#8221;][\/vc_column_inner][vc_column_inner][\/vc_column_inner][\/vc_row_inner][vc_row_inner][vc_column_inner][vc_separator][vc_single_image image=&#8221;10108&#8243; img_size=&#8221;full&#8221;][\/vc_column_inner][vc_column_inner][\/vc_column_inner][vc_column_inner][\/vc_column_inner][vc_column_inner][\/vc_column_inner][\/vc_row_inner][\/vc_column][\/vc_row]","protected":false},"excerpt":{"rendered":"<p>[vc_row][vc_column][vc_column_text] Hola i benvingut\/da a ACAPPS! &nbsp; En aquest espai et volem explicar QU\u00c8 t\u2019oferim, des de l\u2019associaci\u00f3 ACAPPS. La nostra entitat fa m\u00e9s de 25 anys que treballa per a i amb les persones amb sordesa. Potser tu has nascut amb sordesa (sordesa prelocutiva) o potser \u00e9rets oient i, a causa d&#8217;una malaltia, un medicament, l&#8217;edat o altres factors, has perdut o est\u00e0s perdent&#8230; <\/p>\n<p><a class=\"readmore\" href=\"https:\/\/acapps.org\/web\/persones-amb-sordesa\/\">LLEGIR M\u00c9S<\/a><\/p>\n","protected":false},"author":3,"featured_media":0,"parent":0,"menu_order":0,"comment_status":"closed","ping_status":"closed","template":"","meta":{"footnotes":""},"_links":{"self":[{"href":"https:\/\/acapps.org\/web\/wp-json\/wp\/v2\/pages\/9748"}],"collection":[{"href":"https:\/\/acapps.org\/web\/wp-json\/wp\/v2\/pages"}],"about":[{"href":"https:\/\/acapps.org\/web\/wp-json\/wp\/v2\/types\/page"}],"author":[{"embeddable":true,"href":"https:\/\/acapps.org\/web\/wp-json\/wp\/v2\/users\/3"}],"replies":[{"embeddable":true,"href":"https:\/\/acapps.org\/web\/wp-json\/wp\/v2\/comments?post=9748"}],"version-history":[{"count":42,"href":"https:\/\/acapps.org\/web\/wp-json\/wp\/v2\/pages\/9748\/revisions"}],"predecessor-version":[{"id":10413,"href":"https:\/\/acapps.org\/web\/wp-json\/wp\/v2\/pages\/9748\/revisions\/10413"}],"wp:attachment":[{"href":"https:\/\/acapps.org\/web\/wp-json\/wp\/v2\/media?parent=9748"}],"curies":[{"name":"wp","href":"https:\/\/api.w.org\/{rel}","templated":true}]}}