{"id":9888,"date":"2021-03-23T11:06:12","date_gmt":"2021-03-23T11:06:12","guid":{"rendered":"https:\/\/acapps.org\/web\/?page_id=9888"},"modified":"2023-07-26T11:16:12","modified_gmt":"2023-07-26T11:16:12","slug":"serveis-a-empreses","status":"publish","type":"page","link":"https:\/\/acapps.org\/web\/serveis-a-empreses\/","title":{"rendered":"Serveis a empreses"},"content":{"rendered":"[vc_row][vc_column][vc_column_text]<p><\/p>\n<figure class=\"wp-block-image size-large\"><img loading=\"lazy\" decoding=\"async\" width=\"625\" height=\"255\" class=\"wp-image-9889\" src=\"https:\/\/acapps.org\/web\/wp-content\/uploads\/2021\/03\/ACompanyament-1.jpg\" alt=\"\" srcset=\"https:\/\/acapps.org\/web\/wp-content\/uploads\/2021\/03\/ACompanyament-1.jpg 625w, https:\/\/acapps.org\/web\/wp-content\/uploads\/2021\/03\/ACompanyament-1-300x122.jpg 300w\" sizes=\"(max-width: 625px) 100vw, 625px\" \/><\/figure>\n<p><\/p>\n<p><\/p>\n<h4><strong>CONTACTA AMB NOSALTRES<\/strong>:<\/h4>\n<h4><strong><a href=\"mailto:empreses@acapps.org\">empreses@acapps.org<\/a>\u00a0 \u00a0 tel. 93 210 55 30\u00a0 \u00a0 tel. m\u00f2bil 607 036 886<\/strong><\/h4>\n<p>&nbsp;<\/p>\n<p class=\"has-text-color has-medium-font-size\" style=\"color: #1a4b60;\"><strong>GESTI\u00d3 D&#8217;OFERTES DE FEINA<\/strong> I PR\u00c0CTIQUES LABORALS. <strong>PRESELECCI\u00d3<\/strong> DE PERSONAL QUALIFICAT<\/p>\n<p><\/p>\n<p><\/p>\n<h5><strong>Podem cobrir qualsevol perfil professional.<\/strong> La sordesa no \u00e9s un obstacle, t&#8217;ho garantim. No posis l\u00edmits a les capacitats dels i de les professionals amb sordesa. Ells\/es no ho fan.<\/h5>\n<p><\/p>\n<p><\/p>\n<figure class=\"wp-block-pullquote\">\n<blockquote>\n<p>M\u00e9s del 85% de persones amb sordesa que buscaven feina amb ACAPPS han estat contractades per empreses com la teva<\/p>\n<\/blockquote>\n<\/figure>\n<p><\/p>\n<p><\/p>\n<p class=\"has-text-color\" style=\"color: #1a4b60; font-size: 21px;\">ASSESSORAMENT EN <strong>BONIFICACIONS CONTRACTUALS<\/strong><\/p>\n<h5>Us assessorem sobre els diferents tipus de <span class=\"il\">bonificacions<\/span> contractuals -segons la normativa vigent- per tal de fomentar la inserci\u00f3 laboral de les persones amb sordesa a vostra empresa:\u00a0<strong> bonificacions a la Seguretat Social, Contractes bonificats, Responsabilitat Social Corporativa (RSC), Llei general dels drets de les persones amb discapacitat i la seva inclusi\u00f3 sociolaboral, deduccions fiscals i subvencions a l&#8217;adaptaci\u00f3 dels llocs de feina.<\/strong><\/h5>\n<div>\u00a0<\/div>\n<div>\u00a0<\/div>\n<p><\/p>\n<p><\/p>\n<p class=\"has-text-color has-medium-font-size\" style=\"color: #1a4b60;\"><strong>ACOMPANYAMENT I SEGUIMENT<\/strong> A LES PERSONES I A LES EMPRESES. TREBALL AMB SUPORT<\/p>\n<h5>L&#8217;objectiu del nostre Servei d&#8217;Inserci\u00f3 Laboral \u00e9s que la persona amb sordesa aconsegueixi un lloc de feina estable on pugui desenvolupar la seva professi\u00f3. Per aix\u00f2 donem, tant a la persona amb sordesa com a l&#8217;empresa, tot el suport que sigui necessari (Treball amb Suport).<\/h5>\n<p>&nbsp;<\/p>\n<p>En aquest sentit, i si cal, l&#8217;acompanyem en el lloc de feina i parlem amb l&#8217;equip per veure quines necessitats s&#8217;han de cobrir. Sovint hi ha la tend\u00e8ncia, per desconeixement, que amb l&#8217;audi\u00f2fon o l&#8217;implant coclear les persones amb sordesa senten de la mateixa manera que una persona oient. Per aix\u00f2, expliquem al vostre equip <strong>quines mesures poden adaptar per facilitar una comunicaci\u00f3 flu\u00efda:<\/strong> un major \u00fas del correu electr\u00f2nic o un grup de whatsapp per a comunicacions internes; instal\u00b7lar un bucle magn\u00e8tic a la sala de reunions o en un punt d&#8217;atenci\u00f3 al p\u00fablic si \u00e9s el seu lloc de treball. El bucle magn\u00e8tic fa que el so li arribi millor a l&#8217;audi\u00f2fon i\/o implant coclear. Tamb\u00e9 us donem unes pautes b\u00e0siques de comunicaci\u00f3, perqu\u00e8 pugueu parlar amb el\/la traballador\/a amb sordesa de forma natural per\u00f2 facilitant que et pugui llegir els llavis.<\/p>\n<p><strong>ASSESSORAMENT EN ACCESSIBILITAT A LA COMUNICACI\u00d3<\/strong><\/p>\n<p>A trav\u00e9s del<a href=\"https:\/\/acapps.org\/web\/accessibilitat-i-subtitulacio-en-directe\/\"> Servei d&#8217;Accessibilitat a la Comunicaci\u00f3 de la Federaci\u00f3 ACAPPS, oferim assessorament en mesures d&#8217;accessibilitat per a les empreses<\/a> per incloure treballadors\/es amb sordesa aix\u00ed com als clients\/es i\/o prove\u00efdors\/es amb p\u00e8rdua auditiva per poder-vos comunicar flu\u00efda i efica\u00e7ment.<\/p>\n<h5>\u00a0<\/h5>\n<p>&nbsp;<\/p>\n<p><\/p>\n<p><\/p>\n<p class=\"has-text-color\" style=\"color: #1a4b60; font-size: 21px;\"><strong>VALOR SOCIAL<\/strong> A LA TEVA EMPRESA<\/p>\n<p><\/p>\n<p><\/p>\n<h5>Fem xerrades i tallers de sensibilitzaci\u00f3 per als teus equips de treball per transformar la teva visi\u00f3 i apropar-los a la discapacitat auditiva.<strong> Fem difusi\u00f3 del teu comprom\u00eds social com a empresa amiga, valenta i compromesa.<\/strong><\/h5>\n<p><\/p>\n<p><\/p>\n<figure class=\"wp-block-pullquote\">\n<blockquote>\n<p>ENTREVISTES <strong>XARXA D&#8217;EMPRESES COMPROMESES:<\/strong><\/p>\n<p><a href=\"https:\/\/acapps.org\/web\/2021\/03\/01\/ens-centrem-nomes-en-allo-que-ens-pot-aportar-la-persona-el-que-falla-en-un-professional-es-tenir-una-mala-actitud-no-tenir-una-discapacitat-fundacio-jesuites-educacio-compromesa\/\" target=\"_blank\" rel=\"noreferrer noopener\">\u201cEns centrem nom\u00e9s en all\u00f2 que ens pot aportar la persona. <strong>El que falla en un professional \u00e9s tenir una mala actitud, no tenir una discapacitat<\/strong>\u201d.\u00a0 <\/a><strong>Fundaci\u00f3 Jesu\u00eftes Educaci\u00f3.<\/strong><\/p>\n<p><a href=\"https:\/\/acapps.org\/web\/2020\/01\/30\/professionals-dexit-i-empreses-amb-valor-incloem\/\">\u201cHe pogut delegar en el Javier que \u00e9s el que buscava.<strong> \u00c9s 100% aut\u00f2nom\u201d<\/strong>. <\/a><strong>Basetis<\/strong><\/p>\n<p><a href=\"https:\/\/acapps.org\/web\/2019\/05\/17\/es-trenquen-els-prejudicis-quan-es-dona-una-oportunitat-a-la-persona\/\">\u201c<strong>Es trenquen els prejudicis quan es d\u00f3na una oportunitat a la persona\u201d<\/strong><\/a>. <strong>Garden Bordas<\/strong><\/p>\n<p>&nbsp;<\/p>\n<\/blockquote>\n<\/figure>\n<p><\/p>\n<p><\/p>\n<p class=\"has-text-color\" style=\"color: #1a4b60; font-size: 21px;\">XARXA D&#8217;<strong>EMPRESES COMPROMESES<\/strong><\/p>\n<p><\/p>\n<p><\/p>\n<h5>Ja som m\u00e9s de 500 empreses amigues, valentes i compromeses.\u00a0 <strong>Suma-t&#8217;hi tu tamb\u00e9 i dona m\u00e9s valor a la teva marca.<\/strong><\/h5>\n<p><\/p>\n<p><\/p>[\/vc_column_text][\/vc_column][vc_column][vc_row_inner][vc_column_inner][vc_separator][vc_single_image image=&#8221;11862&#8243; img_size=&#8221;full&#8221;][\/vc_column_inner][\/vc_row_inner][vc_row_inner][vc_column_inner][\/vc_column_inner][\/vc_row_inner][\/vc_column][\/vc_row]","protected":false},"excerpt":{"rendered":"<p>[vc_row][vc_column][vc_column_text] CONTACTA AMB NOSALTRES: empreses@acapps.org\u00a0 \u00a0 tel. 93 210 55 30\u00a0 \u00a0 tel. m\u00f2bil 607 036 886 &nbsp; GESTI\u00d3 D&#8217;OFERTES DE FEINA I PR\u00c0CTIQUES LABORALS. PRESELECCI\u00d3 DE PERSONAL QUALIFICAT Podem cobrir qualsevol perfil professional. La sordesa no \u00e9s un obstacle, t&#8217;ho garantim. No posis l\u00edmits a les capacitats dels i de les professionals amb sordesa. Ells\/es no ho fan. M\u00e9s del 85% de persones amb&#8230; <\/p>\n<p><a class=\"readmore\" href=\"https:\/\/acapps.org\/web\/serveis-a-empreses\/\">LLEGIR M\u00c9S<\/a><\/p>\n","protected":false},"author":3,"featured_media":0,"parent":0,"menu_order":0,"comment_status":"closed","ping_status":"closed","template":"","meta":{"footnotes":""},"_links":{"self":[{"href":"https:\/\/acapps.org\/web\/wp-json\/wp\/v2\/pages\/9888"}],"collection":[{"href":"https:\/\/acapps.org\/web\/wp-json\/wp\/v2\/pages"}],"about":[{"href":"https:\/\/acapps.org\/web\/wp-json\/wp\/v2\/types\/page"}],"author":[{"embeddable":true,"href":"https:\/\/acapps.org\/web\/wp-json\/wp\/v2\/users\/3"}],"replies":[{"embeddable":true,"href":"https:\/\/acapps.org\/web\/wp-json\/wp\/v2\/comments?post=9888"}],"version-history":[{"count":16,"href":"https:\/\/acapps.org\/web\/wp-json\/wp\/v2\/pages\/9888\/revisions"}],"predecessor-version":[{"id":13858,"href":"https:\/\/acapps.org\/web\/wp-json\/wp\/v2\/pages\/9888\/revisions\/13858"}],"wp:attachment":[{"href":"https:\/\/acapps.org\/web\/wp-json\/wp\/v2\/media?parent=9888"}],"curies":[{"name":"wp","href":"https:\/\/api.w.org\/{rel}","templated":true}]}}